{"id":155,"date":"2020-05-20T20:22:43","date_gmt":"2020-05-20T19:22:43","guid":{"rendered":"https:\/\/univ-djelfa.dz\/ar\/?page_id=155"},"modified":"2024-09-27T11:04:44","modified_gmt":"2024-09-27T10:04:44","slug":"textes-reglementaires","status":"publish","type":"page","link":"https:\/\/www.univ-djelfa.dz\/?page_id=155","title":{"rendered":"\u0646\u0635\u0648\u0635 \u062a\u0646\u0638\u064a\u0645\u064a\u0629"},"content":{"rendered":"\n<div class=\"wp-block-file\"><a href=\"http:\/\/univ-djelfa.dz\/ar\/wp-content\/uploads\/2020\/05\/Arrete-711-du-03-novembre-2011-ar_optimize.pdf\"><a href=\"https:\/\/www.univ-djelfa.dz\/ara\/images\/2017\/06\/LMD\/Arrete-711-du-03-novembre-2011-ar.pdf\">&#8211; \u0642\u0631\u0627\u0631 \u0631\u0642\u0645 <strong>711 <\/strong>\u0627\u0644\u0645\u0624\u0631\u062e \u0641\u064a <strong>03 \u0646\u0648\u0641\u0645\u0628\u0631 2011<\/strong>\u00a0\u064a\u062a\u0636\u0645\u0646 \u062a\u062d\u062f\u064a\u062f \u0627\u0644\u0642\u0648\u0627\u0639\u062f \u0627\u0644\u0645\u0634\u062a\u0631\u0643\u0629 \u0644\u0644\u062a\u0646\u0638\u064a\u0645 \u0648 \u0627\u0644\u062a\u0633\u064a\u064a\u0631 \u0627\u0644\u0628\u064a\u062f\u0627\u063a\u0648\u062c\u064a\u064a\u0646 \u0644\u0644\u062f\u0631\u0627\u0633\u0627\u062a \u0627\u0644\u062c\u0627\u0645\u0639\u064a\u0629 \u0644\u0646\u064a\u0644 \u0634\u0647\u0627\u062f\u062a\u064a \u0627\u0644\u0644\u064a\u0633\u0627\u0646\u0633 \u0648 \u0627\u0644\u0645\u0627\u0633\u062a\u0631<\/a> <\/a><\/div>\n\n\n\n<div class=\"wp-block-file\"><a href=\"http:\/\/univ-djelfa.dz\/ar\/wp-content\/uploads\/2020\/05\/arrete712-du-03-novembre-2011-ar_optimize.pdf\"><a href=\"https:\/\/www.univ-djelfa.dz\/ara\/images\/2017\/06\/LMD\/arrete712-du-03-novembre-2011-ar.pdf\">&#8211; \u0642\u0631\u0627\u0631 \u0631\u0642\u0645 <strong>712\u00a0<\/strong>\u0627\u0644\u0645\u0624\u0631\u062e \u0641\u064a<strong> 03 \u0646\u0648\u0641\u0645\u0628\u0631 2011\u00a0<\/strong>\u00a0\u064a\u062a\u0636\u0645\u0646 \u062a\u062d\u062f\u064a\u062f \u0643\u064a\u0641\u064a\u0627\u062a \u0627\u0644\u062a\u0642\u064a\u064a\u0645 \u0648 \u0627\u0644\u062a\u062f\u0631\u062c \u0648 \u0627\u0644\u062a\u0648\u062c\u064a\u0647 \u0641\u064a \u0637\u0648\u0631\u064a \u0627\u0644\u062f\u0631\u0627\u0633\u0627\u062a \u0644\u0646\u064a\u0644 \u0634\u0647\u0627\u062f\u062a\u064a \u0627\u0644\u0644\u064a\u0633\u0627\u0646\u0633 \u0648 \u0627\u0644\u0645\u0627\u0633\u062a\u0631<\/a><\/a><\/div>\n\n\n\n<div class=\"wp-block-file\"><a href=\"http:\/\/univ-djelfa.dz\/ar\/wp-content\/uploads\/2020\/05\/arrete713-du-03-novembre-2011-ar_optimize.pdf\"><a href=\"https:\/\/www.univ-djelfa.dz\/ara\/images\/2017\/06\/LMD\/arrete713-du-03-novembre-2011-ar.pdf\">&#8211; \u0642\u0631\u0627\u0631 \u0631\u0642\u0645 <strong>713\u00a0<\/strong>\u0627\u0644\u0645\u0624\u0631\u062e \u0641\u064a<strong> 03 \u0646\u0648\u0641\u0645\u0628\u0631 2011\u00a0<\/strong>\u00a0\u064a\u062a\u0636\u0645\u0646 \u062a\u0634\u0643\u064a\u0644 \u0644\u062c\u0646\u0629 \u0627\u0644\u0625\u0634\u0631\u0627\u0641 \u0648 \u0633\u064a\u0631\u0647\u0627<\/a><\/a><\/div>\n\n\n\n<div class=\"wp-block-file\"><a href=\"http:\/\/univ-djelfa.dz\/ar\/wp-content\/uploads\/2020\/05\/arrete714-du-03-novembre-2011-ar_2_optimize.pdf\"><a href=\"https:\/\/www.univ-djelfa.dz\/ara\/images\/2017\/06\/LMD\/arrete714-du-03-novembre-2011-ar.pdf\">&#8211; \u0642\u0631\u0627\u0631 \u0631\u0642\u0645 <strong>714\u00a0<\/strong>\u0627\u0644\u0645\u0624\u0631\u062e \u0641\u064a<strong> 03 \u0646\u0648\u0641\u0645\u0628\u0631 2011\u00a0<\/strong>\u00a0\u064a\u062a\u0636\u0645\u0646 \u0643\u064a\u0641\u064a\u0627\u062a \u062a\u0631\u062a\u064a\u0628 \u0627\u0644\u0637\u0644\u0628\u0629<\/a><\/a><\/div>\n\n\n\n<div class=\"wp-block-file\"><a href=\"http:\/\/univ-djelfa.dz\/ar\/wp-content\/uploads\/2020\/05\/arrete715-du-03-novembre-2011-ar_optimize.pdf\"><a href=\"https:\/\/www.univ-djelfa.dz\/ara\/images\/2017\/06\/LMD\/arrete715-du-03-novembre-2011-ar.pdf\">&#8211; \u0642\u0631\u0627\u0631 \u0631\u0642\u0645 <strong>715\u00a0<\/strong>\u0627\u0644\u0645\u0624\u0631\u062e \u0641\u064a<strong> 03 \u0646\u0648\u0641\u0645\u0628\u0631 2011\u00a0<\/strong>\u00a0\u064a\u062a\u0636\u0645\u0646 \u0634\u0631\u0648\u0637 \u0627\u0644\u062d\u0635\u0648\u0644 \u0639\u0644\u0649 \u0634\u0647\u0627\u062f\u0629 \u0627\u0644\u0645\u0627\u0633\u062a\u0631 \u0644\u0644\u0637\u0644\u0628\u0629 \u0627\u0644\u0645\u0633\u062c\u0644\u064a\u0646 \u0644\u0646\u064a\u0644 \u0634\u0647\u0627\u062f\u0629 \u0645\u0647\u0646\u062f\u0633 \u062f\u0648\u0644\u0629 \u060c \u062f\u0628\u0644\u0648\u0645 \u0627\u0644\u0645\u0647\u0646\u062f\u0633 \u0627\u0644\u0645\u0639\u0645\u0627\u0631\u064a \u0641\u064a \u0627\u0644\u0645\u062f\u0627\u0631\u0633 \u062e\u0627\u0631\u062c \u0627\u0644\u062c\u0627\u0645\u0639\u0629<\/a><\/a><\/div>\n\n\n\n<div class=\"wp-block-file\"><a href=\"http:\/\/univ-djelfa.dz\/ar\/wp-content\/uploads\/2020\/05\/Arr\u00eat\u00e9-362-m\u00e9moire-du-master_optimize.pdf\"><a href=\"https:\/\/www.univ-djelfa.dz\/ara\/images\/2017\/06\/LMD\/Arr\u00eat\u00e9%20362-%20m\u00e9moire%20du%20master.pdf\">&#8211; \u0642\u0631\u0627\u0631 \u0631\u0642\u0645 <strong>362<\/strong> \u0645\u0624\u0631\u062e \u0641\u064a 0<strong>9 \u062c\u0648\u0627\u0646 2014<\/strong>\u060c \u064a\u062d\u062f\u062f \u0643\u064a\u0641\u064a\u0627\u062a \u0625\u0639\u062f\u0627\u062f \u0648\u0645\u0646\u0627\u0642\u0634\u0629 \u0645\u0630\u0643\u0631\u0629 \u0627\u0644\u0645\u0627\u0633\u062a\u0631<\/a><\/a><\/div>\n\n\n\n<div class=\"wp-block-file\"><a href=\"http:\/\/univ-djelfa.dz\/ar\/wp-content\/uploads\/2020\/05\/Arr\u00eat\u00e9-363-Master-inscription_optimize.pdf\"><a href=\"https:\/\/www.univ-djelfa.dz\/ara\/images\/2017\/06\/LMD\/Arr\u00eat\u00e9%20363-%20Master%20inscription.pdf\">&#8211; \u0642\u0631\u0627\u0631 \u0631\u0642\u0645 <strong>363<\/strong> \u0645\u0624\u0631\u062e \u0641\u064a<strong> 09 \u062c\u0648\u0627\u0646 2014<\/strong>\u060c \u064a\u062a\u0636\u0645\u0646 \u0634\u0631\u0648\u0637 \u0627\u0644\u062a\u0633\u062c\u064a\u0644 \u0641\u064a \u0627\u0644\u062f\u0631\u0627\u0633\u0627\u062a \u0627\u0644\u062c\u0627\u0645\u0639\u064a\u0629 \u0644\u0646\u064a\u0644 \u0634\u0647\u0627\u062f\u0629 \u0627\u0644\u0645\u0627\u0633\u062a\u0631<\/a><\/a><\/div>\n\n\n\n<div class=\"wp-block-file\"><a href=\"http:\/\/univ-djelfa.dz\/ar\/wp-content\/uploads\/2020\/05\/Arrete-364-DEUA_inscription_2_optimize.pdf\"><a href=\"https:\/\/www.univ-djelfa.dz\/ara\/images\/2017\/06\/LMD\/Arrete%20364%20DEUA_inscription.pdf\">&#8211; \u0642\u0631\u0627\u0631 \u0631\u0642\u0645 <strong>364<\/strong> \u0645\u0624\u0631\u062e \u0641\u064a 0<strong>9 \u062c\u0648\u0627\u0646 2014<\/strong>\u060c \u064a\u062a\u0636\u0645\u0646 \u0643\u064a\u0641\u064a\u0627\u062a \u0648\u0634\u0631\u0648\u0637 \u0627\u0644\u062a\u062d\u0627\u0642 \u062d\u0627\u0645\u0644\u064a <strong>DEUA<\/strong> \u0628\u0627\u0644\u062a\u0643\u0648\u064a\u0646 \u0644\u0646\u064a\u0644 \u0634\u0647\u0627\u062f\u0629 \u0627\u0644\u0644\u064a\u0633\u0627\u0646\u0633<\/a><\/a><\/div>\n","protected":false},"excerpt":{"rendered":"","protected":false},"author":2,"featured_media":13492,"parent":151,"menu_order":0,"comment_status":"closed","ping_status":"closed","template":"","meta":{"_kad_post_transparent":"","_kad_post_title":"","_kad_post_layout":"","_kad_post_sidebar_id":"","_kad_post_content_style":"","_kad_post_vertical_padding":"","_kad_post_feature":"","_kad_post_feature_position":"","_kad_post_header":false,"_kad_post_footer":false,"footnotes":""},"class_list":["post-155","page","type-page","status-publish","has-post-thumbnail","hentry"],"lang":"ar","translations":{"ar":155},"pll_sync_post":[],"_links":{"self":[{"href":"https:\/\/www.univ-djelfa.dz\/index.php?rest_route=\/wp\/v2\/pages\/155","targetHints":{"allow":["GET"]}}],"collection":[{"href":"https:\/\/www.univ-djelfa.dz\/index.php?rest_route=\/wp\/v2\/pages"}],"about":[{"href":"https:\/\/www.univ-djelfa.dz\/index.php?rest_route=\/wp\/v2\/types\/page"}],"author":[{"embeddable":true,"href":"https:\/\/www.univ-djelfa.dz\/index.php?rest_route=\/wp\/v2\/users\/2"}],"replies":[{"embeddable":true,"href":"https:\/\/www.univ-djelfa.dz\/index.php?rest_route=%2Fwp%2Fv2%2Fcomments&post=155"}],"version-history":[{"count":0,"href":"https:\/\/www.univ-djelfa.dz\/index.php?rest_route=\/wp\/v2\/pages\/155\/revisions"}],"up":[{"embeddable":true,"href":"https:\/\/www.univ-djelfa.dz\/index.php?rest_route=\/wp\/v2\/pages\/151"}],"wp:featuredmedia":[{"embeddable":true,"href":"https:\/\/www.univ-djelfa.dz\/index.php?rest_route=\/wp\/v2\/media\/13492"}],"wp:attachment":[{"href":"https:\/\/www.univ-djelfa.dz\/index.php?rest_route=%2Fwp%2Fv2%2Fmedia&parent=155"}],"curies":[{"name":"wp","href":"https:\/\/api.w.org\/{rel}","templated":true}]}}