{"id":28422,"date":"2024-10-21T19:12:45","date_gmt":"2024-10-21T18:12:45","guid":{"rendered":"https:\/\/demo.univ-djelfa.dz\/?page_id=28422"},"modified":"2025-09-30T11:54:07","modified_gmt":"2025-09-30T10:54:07","slug":"centre-denseignement-intensif-des-langues","status":"publish","type":"page","link":"https:\/\/www.univ-djelfa.dz\/?page_id=28422","title":{"rendered":"Centre d\u2019Enseignement Intensif des Langues"},"content":{"rendered":"\t\t<div data-elementor-type=\"wp-page\" data-elementor-id=\"28422\" class=\"elementor elementor-28422\" data-elementor-post-type=\"page\">\n\t\t\t\t\t\t<section class=\"elementor-section elementor-top-section elementor-element elementor-element-219086e elementor-section-boxed elementor-section-height-default elementor-section-height-default exad-sticky-section-no\" data-id=\"219086e\" data-element_type=\"section\" data-settings=\"{&quot;ekit_has_onepagescroll_dot&quot;:&quot;yes&quot;}\">\n\t\t\t\t\t\t<div class=\"elementor-container elementor-column-gap-default\">\n\t\t\t\t\t<div class=\"elementor-column elementor-col-100 elementor-top-column elementor-element elementor-element-9f54c1b exad-sticky-section-no\" data-id=\"9f54c1b\" data-element_type=\"column\">\n\t\t\t<div class=\"elementor-widget-wrap elementor-element-populated\">\n\t\t\t\t\t\t<div class=\"elementor-element elementor-element-d6659e6 exad-sticky-section-no elementor-widget elementor-widget-text-editor\" data-id=\"d6659e6\" data-element_type=\"widget\" data-settings=\"{&quot;ekit_we_effect_on&quot;:&quot;none&quot;}\" data-widget_type=\"text-editor.default\">\n\t\t\t\t<div class=\"elementor-widget-container\">\n\t\t\t\t\t\t\t\t\t<p><strong>Le centre d\u2019enseignement intensif des <\/strong><strong>langues est charg\u00e9 de :<\/strong><br \/>\u2014 assurer un appui technique aux cours d\u2019apprentissage, de perfectionnement et de recyclage en langues, organis\u00e9s par les facult\u00e9s et instituts,<br \/>\u2014veiller au fonctionnement et \u00e0 la maintenance des \u00e9quipements sp\u00e9cialis\u00e9s d\u2019enseignement des langues.<br \/><strong>Il comporte les sections suivantes :<\/strong><br \/>\u2014 section de programmation,<br \/>\u2014 section d\u2019entretien et de maintenance.<\/p>\t\t\t\t\t\t\t\t<\/div>\n\t\t\t\t<\/div>\n\t\t\t\t\t<\/div>\n\t\t<\/div>\n\t\t\t\t\t<\/div>\n\t\t<\/section>\n\t\t\t\t<\/div>\n\t\t","protected":false},"excerpt":{"rendered":"<p>Le centre d\u2019enseignement intensif des langues est charg\u00e9 de :\u2014 assurer un appui technique aux cours d\u2019apprentissage, de perfectionnement et de recyclage en langues, organis\u00e9s par les facult\u00e9s et instituts,\u2014veiller au fonctionnement et \u00e0 la maintenance des \u00e9quipements sp\u00e9cialis\u00e9s d\u2019enseignement des langues.Il comporte les sections suivantes :\u2014 section de programmation,\u2014 section d\u2019entretien et de maintenance.<\/p>\n","protected":false},"author":2,"featured_media":13349,"parent":0,"menu_order":0,"comment_status":"closed","ping_status":"closed","template":"","meta":{"_kad_post_transparent":"","_kad_post_title":"default","_kad_post_layout":"default","_kad_post_sidebar_id":"","_kad_post_content_style":"default","_kad_post_vertical_padding":"default","_kad_post_feature":"default","_kad_post_feature_position":"","_kad_post_header":false,"_kad_post_footer":false,"footnotes":""},"class_list":["post-28422","page","type-page","status-publish","has-post-thumbnail","hentry"],"lang":"fr","translations":{"fr":28422,"en":15604,"ar":957},"pll_sync_post":[],"_links":{"self":[{"href":"https:\/\/www.univ-djelfa.dz\/index.php?rest_route=\/wp\/v2\/pages\/28422","targetHints":{"allow":["GET"]}}],"collection":[{"href":"https:\/\/www.univ-djelfa.dz\/index.php?rest_route=\/wp\/v2\/pages"}],"about":[{"href":"https:\/\/www.univ-djelfa.dz\/index.php?rest_route=\/wp\/v2\/types\/page"}],"author":[{"embeddable":true,"href":"https:\/\/www.univ-djelfa.dz\/index.php?rest_route=\/wp\/v2\/users\/2"}],"replies":[{"embeddable":true,"href":"https:\/\/www.univ-djelfa.dz\/index.php?rest_route=%2Fwp%2Fv2%2Fcomments&post=28422"}],"version-history":[{"count":13,"href":"https:\/\/www.univ-djelfa.dz\/index.php?rest_route=\/wp\/v2\/pages\/28422\/revisions"}],"predecessor-version":[{"id":28436,"href":"https:\/\/www.univ-djelfa.dz\/index.php?rest_route=\/wp\/v2\/pages\/28422\/revisions\/28436"}],"wp:featuredmedia":[{"embeddable":true,"href":"https:\/\/www.univ-djelfa.dz\/index.php?rest_route=\/wp\/v2\/media\/13349"}],"wp:attachment":[{"href":"https:\/\/www.univ-djelfa.dz\/index.php?rest_route=%2Fwp%2Fv2%2Fmedia&parent=28422"}],"curies":[{"name":"wp","href":"https:\/\/api.w.org\/{rel}","templated":true}]}}