{"id":28469,"date":"2025-01-15T11:26:11","date_gmt":"2025-01-15T10:26:11","guid":{"rendered":"https:\/\/demo.univ-djelfa.dz\/?page_id=28469"},"modified":"2025-11-07T18:16:19","modified_gmt":"2025-11-07T17:16:19","slug":"vice-rectorat-de-la-formation-superieure-du-premier-et-deuxieme-cycles-de-la-formation-continue-et-les-diplomes-et-de-la-formation-superieure-de-graduation","status":"publish","type":"page","link":"https:\/\/www.univ-djelfa.dz\/?page_id=28469","title":{"rendered":"Vice-rectorat de la Formation Sup\u00e9rieure du Premier et Deuxi\u00e8me Cycles, de la Formation Continue et les Dipl\u00f4mes et de la Formation Sup\u00e9rieure de Graduation"},"content":{"rendered":"\t\t<div data-elementor-type=\"wp-page\" data-elementor-id=\"28469\" class=\"elementor elementor-28469\" data-elementor-post-type=\"page\">\n\t\t\t\t\t\t<section class=\"elementor-section elementor-top-section elementor-element elementor-element-4760c6b elementor-section-boxed elementor-section-height-default elementor-section-height-default exad-sticky-section-no\" data-id=\"4760c6b\" data-element_type=\"section\" data-settings=\"{&quot;ekit_has_onepagescroll_dot&quot;:&quot;yes&quot;}\">\n\t\t\t\t\t\t<div class=\"elementor-container elementor-column-gap-default\">\n\t\t\t\t\t<div class=\"elementor-column elementor-col-100 elementor-top-column elementor-element elementor-element-6665b78 exad-sticky-section-no\" data-id=\"6665b78\" data-element_type=\"column\">\n\t\t\t<div class=\"elementor-widget-wrap\">\n\t\t\t\t\t\t\t<\/div>\n\t\t<\/div>\n\t\t\t\t\t<\/div>\n\t\t<\/section>\n\t\t\t\t<section class=\"elementor-section elementor-top-section elementor-element elementor-element-ef63473 elementor-section-boxed elementor-section-height-default elementor-section-height-default exad-sticky-section-no\" data-id=\"ef63473\" data-element_type=\"section\" data-settings=\"{&quot;ekit_has_onepagescroll_dot&quot;:&quot;yes&quot;}\">\n\t\t\t\t\t\t<div class=\"elementor-container elementor-column-gap-default\">\n\t\t\t\t\t<div class=\"elementor-column elementor-col-33 elementor-top-column elementor-element elementor-element-d41298a exad-sticky-section-no\" data-id=\"d41298a\" data-element_type=\"column\" data-settings=\"{&quot;background_background&quot;:&quot;classic&quot;}\">\n\t\t\t<div class=\"elementor-widget-wrap elementor-element-populated\">\n\t\t\t\t\t\t<section class=\"elementor-section elementor-inner-section elementor-element elementor-element-457fe14 elementor-section-boxed elementor-section-height-default elementor-section-height-default exad-sticky-section-no\" data-id=\"457fe14\" data-element_type=\"section\" data-settings=\"{&quot;background_background&quot;:&quot;classic&quot;,&quot;ekit_has_onepagescroll_dot&quot;:&quot;yes&quot;}\">\n\t\t\t\t\t\t<div class=\"elementor-container elementor-column-gap-default\">\n\t\t\t\t\t<div class=\"elementor-column elementor-col-100 elementor-inner-column elementor-element elementor-element-3636a26 exad-sticky-section-no\" data-id=\"3636a26\" data-element_type=\"column\" data-settings=\"{&quot;background_background&quot;:&quot;classic&quot;}\">\n\t\t\t<div class=\"elementor-widget-wrap elementor-element-populated\">\n\t\t\t\t\t\t<div class=\"elementor-element elementor-element-8a4f172 exad-sticky-section-no elementor-widget elementor-widget-html\" data-id=\"8a4f172\" data-element_type=\"widget\" data-settings=\"{&quot;ekit_we_effect_on&quot;:&quot;none&quot;}\" data-widget_type=\"html.default\">\n\t\t\t\t<div class=\"elementor-widget-container\">\n\t\t\t\t\t<!-- Carte d'information de contact (Fran\u00e7ais - style officiel) -->\n<div dir=\"ltr\" lang=\"fr\" style=\"font-family:'Cairo', sans-serif; background:#fff; color:#2e3548; max-width:600px; border:1px solid rgba(172,11,48,0.15); border-radius:14px; padding:20px; margin:auto;\">\n  <link href=\"https:\/\/fonts.googleapis.com\/css2?family=Cairo:wght@400;600;700&display=swap\" rel=\"stylesheet\">\n\n  <h3 style=\"color:#ac0b30; font-weight:700; font-size:22px; margin:0 0 15px 0; display:flex; align-items:center; gap:10px;\">\n    <svg width=\"26\" height=\"26\" viewBox=\"0 0 24 24\" fill=\"none\">\n      <circle cx=\"12\" cy=\"8\" r=\"3.2\" stroke=\"#ac0b30\" stroke-width=\"1.4\" fill=\"rgba(172,11,48,0.06)\"\/>\n      <path d=\"M4.5 19.2c0-3.2 3.8-5.1 7.5-5.1s7.5 1.9 7.5 5.1\" stroke=\"#ac0b30\" stroke-width=\"1.2\" stroke-linecap=\"round\"\/>\n    <\/svg>\n    Informations de contact\n  <\/h3>\n\n  <div style=\"display:grid; grid-template-columns:auto 1fr; gap:10px 14px; align-items:center;\">\n    <div>\n      <svg width=\"20\" height=\"20\" viewBox=\"0 0 24 24\" fill=\"none\">\n        <path d=\"M12 12.5c2.2 0 4-1.8 4-4s-1.8-4-4-4-4 1.8-4 4 1.8 4 4 4z\" stroke=\"#6b6f78\" stroke-width=\"1.1\" fill=\"none\"\/>\n        <path d=\"M4 20.2c0-2.9 3.6-4.8 8-4.8s8 1.9 8 4.8\" stroke=\"#6b6f78\" stroke-width=\"1.1\" stroke-linecap=\"round\"\/>\n      <\/svg>\n    <\/div>\n    <div>\n      <div style=\"font-weight:700; font-size:16px;\">Professeur : Habita Ali<\/div>\n      <div style=\"font-size:13px; color:#6b6f78;\">Vice-recteur de l\u2019Universit\u00e9<\/div>\n    <\/div>\n\n    <div>\n      <svg width=\"20\" height=\"20\" viewBox=\"0 0 24 24\" fill=\"none\">\n        <path d=\"M22 16.92V20a2 2 0 0 1-2.18 2A19.73 19.73 0 0 1 3 5.18 2 2 0 0 1 5 3h3.09a1 1 0 0 1 1 .75l1.18 4.73a1 1 0 0 1-.27.95l-1.9 1.9a16 16 0 0 0 6.88 6.88l1.9-1.9a1 1 0 0 1 .95-.27l4.73 1.18a1 1 0 0 1 .75 1z\" stroke=\"#6b6f78\" stroke-width=\"1.1\" fill=\"none\"\/>\n      <\/svg>\n    <\/div>\n    <div>\n      <div style=\"font-size:14px;\">T\u00e9l\u00e9phone : +213 27900028<\/div>\n      <div style=\"font-size:14px;\">Fax : +213 27900028<\/div>\n    <\/div>\n\n    <div>\n      <svg width=\"20\" height=\"20\" viewBox=\"0 0 24 24\" fill=\"none\">\n        <path d=\"M3 7.6v8.8A2.6 2.6 0 0 0 5.6 19h12.8A2.6 2.6 0 0 0 21 16.4V7.6\" stroke=\"#6b6f78\" stroke-width=\"1.1\" fill=\"none\"\/>\n        <path d=\"M21 7.6l-8.9 6.6a2 2 0 0 1-2.2 0L3 7.6\" stroke=\"#6b6f78\" stroke-width=\"1.1\" fill=\"none\"\/>\n      <\/svg>\n    <\/div>\n    <div>\n      <a href=\"mailto:a.habita@univ-djelfa.dz\" style=\"color:#0b4c7a; font-weight:600; text-decoration:none;\">a.habita@univ-djelfa.dz<\/a>\n    <\/div>\n  <\/div>\n<\/div>\n\t\t\t\t<\/div>\n\t\t\t\t<\/div>\n\t\t\t\t<div class=\"elementor-element elementor-element-4294ade elementor-widget__width-initial exad-sticky-section-no elementor-widget elementor-widget-facebook-page\" data-id=\"4294ade\" data-element_type=\"widget\" data-settings=\"{&quot;ekit_we_effect_on&quot;:&quot;none&quot;}\" data-widget_type=\"facebook-page.default\">\n\t\t\t\t<div class=\"elementor-widget-container\">\n\t\t\t\t\t<div class=\"elementor-facebook-widget fb-page\" data-href=\"https:\/\/www.facebook.com\/UNIV.DJELFA.DZ\/?ref=embed_page\" data-tabs=\"timeline\" data-height=\"330px\" data-width=\"500px\" data-small-header=\"true\" data-hide-cover=\"false\" data-show-facepile=\"true\" data-hide-cta=\"false\" style=\"min-height: 1px;height:330px\"><\/div>\t\t\t\t<\/div>\n\t\t\t\t<\/div>\n\t\t\t\t\t<\/div>\n\t\t<\/div>\n\t\t\t\t\t<\/div>\n\t\t<\/section>\n\t\t\t\t<div class=\"elementor-element elementor-element-a3be215 exad-sticky-section-no elementor-widget elementor-widget-spacer\" data-id=\"a3be215\" data-element_type=\"widget\" data-settings=\"{&quot;ekit_we_effect_on&quot;:&quot;none&quot;}\" data-widget_type=\"spacer.default\">\n\t\t\t\t<div class=\"elementor-widget-container\">\n\t\t\t\t\t\t\t<div class=\"elementor-spacer\">\n\t\t\t<div class=\"elementor-spacer-inner\"><\/div>\n\t\t<\/div>\n\t\t\t\t\t\t<\/div>\n\t\t\t\t<\/div>\n\t\t\t\t\t<\/div>\n\t\t<\/div>\n\t\t\t\t<div class=\"elementor-column elementor-col-66 elementor-top-column elementor-element elementor-element-83c80bc exad-sticky-section-no\" data-id=\"83c80bc\" data-element_type=\"column\">\n\t\t\t<div class=\"elementor-widget-wrap elementor-element-populated\">\n\t\t\t\t\t\t<div class=\"elementor-element elementor-element-4a0ba3d exad-sticky-section-no elementor-widget elementor-widget-text-editor\" data-id=\"4a0ba3d\" data-element_type=\"widget\" data-settings=\"{&quot;ekit_we_effect_on&quot;:&quot;none&quot;}\" data-widget_type=\"text-editor.default\">\n\t\t\t\t<div class=\"elementor-widget-container\">\n\t\t\t\t\t\t\t\t\t<blockquote><p dir=\"rtl\" style=\"text-align: left;\"><span style=\"color: #ac0c30; font-size: 12pt; font-family: arial, helvetica, sans-serif;\">En vertu de l\u2019arr\u00eat\u00e9 interminist\u00e9riel du 8 Rajab 1425 correspondant au 24 ao\u00fbt 2004, fixant l\u2019organisation administrative de la direction de l\u2019universit\u00e9, de la facult\u00e9, de l\u2019institut, de l\u2019annexe de l\u2019universit\u00e9 et de leurs services communs, publi\u00e9 au Journal officiel n\u00b062 du 11 Cha\u00e2bane 1425 correspondant au 26 septembre 2004<\/span><\/p><\/blockquote><p><strong>Le Vice-rectorat de la Formation Sup\u00e9rieure du Premier et Deuxi\u00e8me Cycles, de la Formation Continue et les Dipl\u00f4mes et de la Formation Sup\u00e9rieure de Graduation. <\/strong><br \/><strong>est charg\u00e9 de :<\/strong><br \/>\u2014 suivre les questions se rapportant au d\u00e9roulement des\u00a0 enseignements et des stages organis\u00e9s par l\u2019universit\u00e9,<br \/>\u2014 veiller \u00e0 la coh\u00e9rence des offres de formation pr\u00e9sent\u00e9es par les facult\u00e9s et instituts avec le plan de<br \/>d\u00e9veloppement de l\u2019universit\u00e9,<br \/>\u2014 veiller au respect de la r\u00e9glementation en vigueur en mati\u00e8re d\u2019inscription, de r\u00e9inscription, de contr\u00f4le des<br \/>connaissances et de progression des \u00e9tudiants,<br \/>\u2014 suivre les actions de formation \u00e0 distance assur\u00e9e par l\u2019universit\u00e9 et promouvoir les activit\u00e9s de formation<br \/>continue,<br \/>\u2014 veiller au respect de la r\u00e9glementation et de la proc\u00e9dure en vigueur en mati\u00e8re de d\u00e9livrance de<br \/>dipl\u00f4mes et d\u2019\u00e9quivalences,<br \/>\u2014 assurer la tenue et la mise \u00e0 jour du fichier nominatif des \u00e9tudiants.<br \/>I<strong>l est compos\u00e9 des services suivants :<\/strong><br \/>\u2014 le service des enseignements, des stages et de l\u2019\u00e9valuation,<br \/>\u2014 le service de la formation continue,<br \/>\u2014 le service des dipl\u00f4mes et des \u00e9quivalences.<\/p><p><!-- \/wp:paragraph --><\/p>\t\t\t\t\t\t\t\t<\/div>\n\t\t\t\t<\/div>\n\t\t\t\t\t<\/div>\n\t\t<\/div>\n\t\t\t\t\t<\/div>\n\t\t<\/section>\n\t\t\t\t<section class=\"elementor-section elementor-top-section elementor-element elementor-element-8e84cb8 elementor-section-boxed elementor-section-height-default elementor-section-height-default exad-sticky-section-no\" data-id=\"8e84cb8\" data-element_type=\"section\" data-settings=\"{&quot;ekit_has_onepagescroll_dot&quot;:&quot;yes&quot;}\">\n\t\t\t\t\t\t<div class=\"elementor-container elementor-column-gap-default\">\n\t\t\t\t\t<div class=\"elementor-column elementor-col-100 elementor-top-column elementor-element elementor-element-214a585 exad-sticky-section-no\" data-id=\"214a585\" data-element_type=\"column\">\n\t\t\t<div class=\"elementor-widget-wrap\">\n\t\t\t\t\t\t\t<\/div>\n\t\t<\/div>\n\t\t\t\t\t<\/div>\n\t\t<\/section>\n\t\t\t\t<section class=\"elementor-section elementor-top-section elementor-element elementor-element-15a5e48 elementor-section-full_width elementor-section-height-default elementor-section-height-default exad-sticky-section-no\" data-id=\"15a5e48\" data-element_type=\"section\" data-settings=\"{&quot;ekit_has_onepagescroll_dot&quot;:&quot;yes&quot;}\">\n\t\t\t\t\t\t<div class=\"elementor-container elementor-column-gap-default\">\n\t\t\t\t\t<div class=\"elementor-column elementor-col-100 elementor-top-column elementor-element elementor-element-b72ee63 exad-sticky-section-no\" data-id=\"b72ee63\" data-element_type=\"column\">\n\t\t\t<div class=\"elementor-widget-wrap elementor-element-populated\">\n\t\t\t\t\t\t<section class=\"elementor-section elementor-inner-section elementor-element elementor-element-ddad698 elementor-section-full_width elementor-section-height-default elementor-section-height-default exad-sticky-section-no\" data-id=\"ddad698\" data-element_type=\"section\" data-settings=\"{&quot;background_background&quot;:&quot;classic&quot;,&quot;ekit_has_onepagescroll_dot&quot;:&quot;yes&quot;}\">\n\t\t\t\t\t\t<div class=\"elementor-container elementor-column-gap-default\">\n\t\t\t\t\t<div class=\"elementor-column elementor-col-100 elementor-inner-column elementor-element elementor-element-4e534e9 exad-sticky-section-no\" data-id=\"4e534e9\" data-element_type=\"column\">\n\t\t\t<div class=\"elementor-widget-wrap elementor-element-populated\">\n\t\t\t\t\t\t<div class=\"elementor-element elementor-element-2be5325 exad-sticky-section-no elementor-widget elementor-widget-exad-exclusive-dual-heading\" data-id=\"2be5325\" data-element_type=\"widget\" data-settings=\"{&quot;ekit_we_effect_on&quot;:&quot;none&quot;}\" data-widget_type=\"exad-exclusive-dual-heading.default\">\n\t\t\t\t<div class=\"elementor-widget-container\">\n\t\t\t\t\t\r\n        <div class=\"exad-dual-heading\">\r\n            <div class=\"exad-dual-heading-wrapper\">\r\n            \r\n                <h2 class=\"exad-dual-heading-title\">\r\n                                    <span class=\"first-heading\">Actualit\u00e9s <\/span>\r\n                    <span class=\"second-heading\">du Vice-rectorat<\/span>\r\n                                    <\/h2>\r\n\r\n                  \r\n\r\n            <\/div>\r\n        <\/div>\r\n        \t\t\t\t<\/div>\n\t\t\t\t<\/div>\n\t\t\t\t\t<\/div>\n\t\t<\/div>\n\t\t\t\t\t<\/div>\n\t\t<\/section>\n\t\t\t\t<div class=\"elementor-element elementor-element-80d9e64 exad-sticky-section-no elementor-widget elementor-widget-spacer\" data-id=\"80d9e64\" data-element_type=\"widget\" data-settings=\"{&quot;ekit_we_effect_on&quot;:&quot;none&quot;}\" data-widget_type=\"spacer.default\">\n\t\t\t\t<div class=\"elementor-widget-container\">\n\t\t\t\t\t\t\t<div class=\"elementor-spacer\">\n\t\t\t<div class=\"elementor-spacer-inner\"><\/div>\n\t\t<\/div>\n\t\t\t\t\t\t<\/div>\n\t\t\t\t<\/div>\n\t\t\t\t\t<\/div>\n\t\t<\/div>\n\t\t\t\t\t<\/div>\n\t\t<\/section>\n\t\t\t\t<\/div>\n\t\t","protected":false},"excerpt":{"rendered":"<p>Informations de contact Professeur : Habita Ali Vice-recteur de l\u2019Universit\u00e9 T\u00e9l\u00e9phone : +213 27900028 Fax : +213 27900028 a.habita@univ-djelfa.dz En vertu de l\u2019arr\u00eat\u00e9 interminist\u00e9riel du 8 Rajab 1425 correspondant au 24 ao\u00fbt 2004, fixant l\u2019organisation administrative de la direction de l\u2019universit\u00e9, de la facult\u00e9, de l\u2019institut, de l\u2019annexe de l\u2019universit\u00e9 et de leurs services communs,&#8230;<\/p>\n","protected":false},"author":2,"featured_media":13498,"parent":0,"menu_order":0,"comment_status":"closed","ping_status":"closed","template":"","meta":{"_kad_post_transparent":"","_kad_post_title":"default","_kad_post_layout":"default","_kad_post_sidebar_id":"","_kad_post_content_style":"default","_kad_post_vertical_padding":"default","_kad_post_feature":"default","_kad_post_feature_position":"","_kad_post_header":false,"_kad_post_footer":false,"footnotes":""},"class_list":["post-28469","page","type-page","status-publish","has-post-thumbnail","hentry"],"lang":"fr","translations":{"fr":28469,"en":21363,"ar":20755},"pll_sync_post":[],"_links":{"self":[{"href":"https:\/\/www.univ-djelfa.dz\/index.php?rest_route=\/wp\/v2\/pages\/28469","targetHints":{"allow":["GET"]}}],"collection":[{"href":"https:\/\/www.univ-djelfa.dz\/index.php?rest_route=\/wp\/v2\/pages"}],"about":[{"href":"https:\/\/www.univ-djelfa.dz\/index.php?rest_route=\/wp\/v2\/types\/page"}],"author":[{"embeddable":true,"href":"https:\/\/www.univ-djelfa.dz\/index.php?rest_route=\/wp\/v2\/users\/2"}],"replies":[{"embeddable":true,"href":"https:\/\/www.univ-djelfa.dz\/index.php?rest_route=%2Fwp%2Fv2%2Fcomments&post=28469"}],"version-history":[{"count":20,"href":"https:\/\/www.univ-djelfa.dz\/index.php?rest_route=\/wp\/v2\/pages\/28469\/revisions"}],"predecessor-version":[{"id":30955,"href":"https:\/\/www.univ-djelfa.dz\/index.php?rest_route=\/wp\/v2\/pages\/28469\/revisions\/30955"}],"wp:featuredmedia":[{"embeddable":true,"href":"https:\/\/www.univ-djelfa.dz\/index.php?rest_route=\/wp\/v2\/media\/13498"}],"wp:attachment":[{"href":"https:\/\/www.univ-djelfa.dz\/index.php?rest_route=%2Fwp%2Fv2%2Fmedia&parent=28469"}],"curies":[{"name":"wp","href":"https:\/\/api.w.org\/{rel}","templated":true}]}}