{"id":28524,"date":"2025-01-22T10:33:08","date_gmt":"2025-01-22T09:33:08","guid":{"rendered":"https:\/\/demo.univ-djelfa.dz\/?page_id=28524"},"modified":"2025-11-07T18:15:52","modified_gmt":"2025-11-07T17:15:52","slug":"vice-rectorat-du-developpement-de-la-prospective-et-de-lorientation","status":"publish","type":"page","link":"https:\/\/www.univ-djelfa.dz\/?page_id=28524","title":{"rendered":"Vice-rectorat du D\u00e9veloppement, de la Prospective et de l\u2019Orientation"},"content":{"rendered":"\t\t<div data-elementor-type=\"wp-page\" data-elementor-id=\"28524\" class=\"elementor elementor-28524\" data-elementor-post-type=\"page\">\n\t\t\t\t\t\t<section class=\"elementor-section elementor-top-section elementor-element elementor-element-ca0231f elementor-section-boxed elementor-section-height-default elementor-section-height-default exad-sticky-section-no\" data-id=\"ca0231f\" data-element_type=\"section\" data-settings=\"{&quot;ekit_has_onepagescroll_dot&quot;:&quot;yes&quot;}\">\n\t\t\t\t\t\t<div class=\"elementor-container elementor-column-gap-default\">\n\t\t\t\t\t<div class=\"elementor-column elementor-col-100 elementor-top-column elementor-element elementor-element-ae3e18b exad-sticky-section-no\" data-id=\"ae3e18b\" data-element_type=\"column\">\n\t\t\t<div class=\"elementor-widget-wrap\">\n\t\t\t\t\t\t\t<\/div>\n\t\t<\/div>\n\t\t\t\t\t<\/div>\n\t\t<\/section>\n\t\t\t\t<section class=\"elementor-section elementor-top-section elementor-element elementor-element-970ad07 elementor-section-boxed elementor-section-height-default elementor-section-height-default exad-sticky-section-no\" data-id=\"970ad07\" data-element_type=\"section\" data-settings=\"{&quot;ekit_has_onepagescroll_dot&quot;:&quot;yes&quot;}\">\n\t\t\t\t\t\t<div class=\"elementor-container elementor-column-gap-default\">\n\t\t\t\t\t<div class=\"elementor-column elementor-col-33 elementor-top-column elementor-element elementor-element-610b633 exad-sticky-section-no\" data-id=\"610b633\" data-element_type=\"column\">\n\t\t\t<div class=\"elementor-widget-wrap elementor-element-populated\">\n\t\t\t\t\t\t<section class=\"elementor-section elementor-inner-section elementor-element elementor-element-559b700 elementor-section-boxed elementor-section-height-default elementor-section-height-default exad-sticky-section-no\" data-id=\"559b700\" data-element_type=\"section\" data-settings=\"{&quot;ekit_has_onepagescroll_dot&quot;:&quot;yes&quot;}\">\n\t\t\t\t\t\t<div class=\"elementor-container elementor-column-gap-default\">\n\t\t\t\t\t<div class=\"elementor-column elementor-col-100 elementor-inner-column elementor-element elementor-element-d4b076f exad-sticky-section-no\" data-id=\"d4b076f\" data-element_type=\"column\">\n\t\t\t<div class=\"elementor-widget-wrap elementor-element-populated\">\n\t\t\t\t\t\t<div class=\"elementor-element elementor-element-00ef447 exad-sticky-section-no elementor-widget elementor-widget-html\" data-id=\"00ef447\" data-element_type=\"widget\" data-settings=\"{&quot;ekit_we_effect_on&quot;:&quot;none&quot;}\" data-widget_type=\"html.default\">\n\t\t\t\t<div class=\"elementor-widget-container\">\n\t\t\t\t\t<!-- Carte d'information de contact (Fran\u00e7ais - style officiel) -->\n<div dir=\"ltr\" lang=\"fr\" style=\"font-family:'Cairo', sans-serif; background:#fff; color:#2e3548; max-width:600px; border:1px solid rgba(172,11,48,0.15); border-radius:14px; padding:20px; margin:auto;\">\n  <link href=\"https:\/\/fonts.googleapis.com\/css2?family=Cairo:wght@400;600;700&display=swap\" rel=\"stylesheet\">\n\n  <h3 style=\"color:#ac0b30; font-weight:700; font-size:22px; margin:0 0 15px 0; display:flex; align-items:center; gap:10px;\">\n    <svg width=\"26\" height=\"26\" viewBox=\"0 0 24 24\" fill=\"none\">\n      <circle cx=\"12\" cy=\"8\" r=\"3.2\" stroke=\"#ac0b30\" stroke-width=\"1.4\" fill=\"rgba(172,11,48,0.06)\"\/>\n      <path d=\"M4.5 19.2c0-3.2 3.8-5.1 7.5-5.1s7.5 1.9 7.5 5.1\" stroke=\"#ac0b30\" stroke-width=\"1.2\" stroke-linecap=\"round\"\/>\n    <\/svg>\n    Informations de contact\n  <\/h3>\n\n  <div style=\"display:grid; grid-template-columns:auto 1fr; gap:10px 14px; align-items:center;\">\n    <div>\n      <svg width=\"20\" height=\"20\" viewBox=\"0 0 24 24\" fill=\"none\">\n        <path d=\"M12 12.5c2.2 0 4-1.8 4-4s-1.8-4-4-4-4 1.8-4 4 1.8 4 4 4z\" stroke=\"#6b6f78\" stroke-width=\"1.1\" fill=\"none\"\/>\n        <path d=\"M4 20.2c0-2.9 3.6-4.8 8-4.8s8 1.9 8 4.8\" stroke=\"#6b6f78\" stroke-width=\"1.1\" stroke-linecap=\"round\"\/>\n      <\/svg>\n    <\/div>\n    <div>\n      <div style=\"font-weight:700; font-size:16px;\">Professeur : MOKHTARI Mustapha<\/div>\n      <div style=\"font-size:13px; color:#6b6f78;\">Vice-recteur de l\u2019Universit\u00e9<\/div>\n    <\/div>\n\n    <div>\n      <svg width=\"20\" height=\"20\" viewBox=\"0 0 24 24\" fill=\"none\">\n        <path d=\"M22 16.92V20a2 2 0 0 1-2.18 2A19.73 19.73 0 0 1 3 5.18 2 2 0 0 1 5 3h3.09a1 1 0 0 1 1 .75l1.18 4.73a1 1 0 0 1-.27.95l-1.9 1.9a16 16 0 0 0 6.88 6.88l1.9-1.9a1 1 0 0 1 .95-.27l4.73 1.18a1 1 0 0 1 .75 1z\" stroke=\"#6b6f78\" stroke-width=\"1.1\" fill=\"none\"\/>\n      <\/svg>\n    <\/div>\n    <div>\n      <div style=\"font-size:14px;\">T\u00e9l\u00e9phone :  <\/div>\n      <div style=\"font-size:14px;\">Fax : <\/div>\n    <\/div>\n\n    <div>\n      <svg width=\"20\" height=\"20\" viewBox=\"0 0 24 24\" fill=\"none\">\n        <path d=\"M3 7.6v8.8A2.6 2.6 0 0 0 5.6 19h12.8A2.6 2.6 0 0 0 21 16.4V7.6\" stroke=\"#6b6f78\" stroke-width=\"1.1\" fill=\"none\"\/>\n        <path d=\"M21 7.6l-8.9 6.6a2 2 0 0 1-2.2 0L3 7.6\" stroke=\"#6b6f78\" stroke-width=\"1.1\" fill=\"none\"\/>\n      <\/svg>\n    <\/div>\n    <div>\n      <a href=\"mailto:m.mokhtari@univ-djelfa.dz\" style=\"color:#0b4c7a; font-weight:600; text-decoration:none;\">m.mokhtari@univ-djelfa.dz<\/a>\n    <\/div>\n  <\/div>\n<\/div>\n\t\t\t\t<\/div>\n\t\t\t\t<\/div>\n\t\t\t\t\t<\/div>\n\t\t<\/div>\n\t\t\t\t\t<\/div>\n\t\t<\/section>\n\t\t\t\t\t<\/div>\n\t\t<\/div>\n\t\t\t\t<div class=\"elementor-column elementor-col-66 elementor-top-column elementor-element elementor-element-f293c41 exad-sticky-section-no\" data-id=\"f293c41\" data-element_type=\"column\">\n\t\t\t<div class=\"elementor-widget-wrap elementor-element-populated\">\n\t\t\t\t\t\t<div class=\"elementor-element elementor-element-d6796f2 elementor-widget__width-initial exad-sticky-section-no elementor-widget elementor-widget-text-editor\" data-id=\"d6796f2\" data-element_type=\"widget\" data-settings=\"{&quot;ekit_we_effect_on&quot;:&quot;none&quot;}\" data-widget_type=\"text-editor.default\">\n\t\t\t\t<div class=\"elementor-widget-container\">\n\t\t\t\t\t\t\t\t\t<p><span style=\"font-family: arial, helvetica, sans-serif; font-size: 12pt; color: #ac0c30;\">En vertu de l\u2019arr\u00eat\u00e9 interminist\u00e9riel du 8 Rajab 1425 correspondant au 24 ao\u00fbt 2004, fixant l\u2019organisation administrative de la direction de l\u2019universit\u00e9, de la facult\u00e9, de l\u2019institut, de l\u2019annexe de l\u2019universit\u00e9 et de leurs services communs, publi\u00e9 au Journal officiel n\u00b0 62 du 11 Cha\u00e2bane 1425 correspondant au 26 septembre 2004.<\/span><\/p><hr \/><p><strong>Le vice-rectorat du d\u00e9veloppement, de la <\/strong><strong>prospective et de l\u2019orientation est charg\u00e9 de :<\/strong><br \/>\u2014 r\u00e9unir les \u00e9l\u00e9ments n\u00e9cessaires \u00e0 l\u2019\u00e9laboration des projets de plans de d\u00e9veloppement de l\u2019universit\u00e9 ;<br \/>\u2014 effectuer toute \u00e9tude prospective sur les pr\u00e9visions d\u2019\u00e9volution des effectifs \u00e9tudiants de l\u2019universit\u00e9 et<br \/>proposer toute mesure pour leur prise en charge, notamment, en mati\u00e8re d\u2019\u00e9volution, d\u2019encadrement<br \/>p\u00e9dagogique et administratif ;<br \/>\u2014 tenir le fichier statistique de l\u2019universit\u00e9 en veillant \u00e0 sa mise \u00e0 jour p\u00e9riodique ;<br \/>\u2014 proc\u00e9der \u00e0 l\u2019\u00e9laboration de tout support d\u2019information sur les cursus d\u2019enseignement assur\u00e9s par<br \/>l\u2019universit\u00e9 et leurs d\u00e9bouch\u00e9s professionnels ;<br \/>\u2014 mettre \u00e0 la disposition des \u00e9tudiants toute information devant les aider dans leur choix d\u2019orientation ;<br \/>\u2014 promouvoir les actions d\u2019information des \u00e9tudiants ;<br \/>\u2014 suivre les programmes de construction et assurer la mise en \u0153uvre des programmes d\u2019\u00e9quipement de<br \/>l\u2019universit\u00e9 en relation avec les services concern\u00e9s.<br \/><strong>Il est compos\u00e9 des services suivants<\/strong> :<br \/>\u2014 le service des statistiques et de la prospective ;<br \/>\u2014 le service de l\u2019orientation et de l\u2019information ;<br \/>\u2014 le service du suivi des programmes de construction<br \/>et d\u2019\u00e9quipement de l\u2019universit\u00e9.<\/p>\t\t\t\t\t\t\t\t<\/div>\n\t\t\t\t<\/div>\n\t\t\t\t\t<\/div>\n\t\t<\/div>\n\t\t\t\t\t<\/div>\n\t\t<\/section>\n\t\t\t\t<section class=\"elementor-section elementor-top-section elementor-element elementor-element-ea91d97 elementor-section-boxed elementor-section-height-default elementor-section-height-default exad-sticky-section-no\" data-id=\"ea91d97\" data-element_type=\"section\" data-settings=\"{&quot;ekit_has_onepagescroll_dot&quot;:&quot;yes&quot;}\">\n\t\t\t\t\t\t<div class=\"elementor-container elementor-column-gap-default\">\n\t\t\t\t\t<div class=\"elementor-column elementor-col-100 elementor-top-column elementor-element elementor-element-9c8d7b4 exad-sticky-section-no\" data-id=\"9c8d7b4\" data-element_type=\"column\">\n\t\t\t<div class=\"elementor-widget-wrap\">\n\t\t\t\t\t\t\t<\/div>\n\t\t<\/div>\n\t\t\t\t\t<\/div>\n\t\t<\/section>\n\t\t\t\t<section class=\"elementor-section elementor-top-section elementor-element elementor-element-6a8d8d2 elementor-section-boxed elementor-section-height-default elementor-section-height-default exad-sticky-section-no\" data-id=\"6a8d8d2\" data-element_type=\"section\" data-settings=\"{&quot;ekit_has_onepagescroll_dot&quot;:&quot;yes&quot;}\">\n\t\t\t\t\t\t<div class=\"elementor-container elementor-column-gap-default\">\n\t\t\t\t\t<div class=\"elementor-column elementor-col-100 elementor-top-column elementor-element elementor-element-1de512e exad-sticky-section-no\" data-id=\"1de512e\" data-element_type=\"column\">\n\t\t\t<div class=\"elementor-widget-wrap elementor-element-populated\">\n\t\t\t\t\t\t<section class=\"elementor-section elementor-inner-section elementor-element elementor-element-435ed4d elementor-section-boxed elementor-section-height-default elementor-section-height-default exad-sticky-section-no\" data-id=\"435ed4d\" data-element_type=\"section\" data-settings=\"{&quot;ekit_has_onepagescroll_dot&quot;:&quot;yes&quot;}\">\n\t\t\t\t\t\t<div class=\"elementor-container elementor-column-gap-default\">\n\t\t\t\t\t<div class=\"elementor-column elementor-col-100 elementor-inner-column elementor-element elementor-element-adb160d exad-sticky-section-no\" data-id=\"adb160d\" data-element_type=\"column\">\n\t\t\t<div class=\"elementor-widget-wrap elementor-element-populated\">\n\t\t\t\t\t\t<div class=\"elementor-element elementor-element-dd2c913 exad-sticky-section-no elementor-widget elementor-widget-exad-exclusive-dual-heading\" data-id=\"dd2c913\" data-element_type=\"widget\" data-settings=\"{&quot;ekit_we_effect_on&quot;:&quot;none&quot;}\" data-widget_type=\"exad-exclusive-dual-heading.default\">\n\t\t\t\t<div class=\"elementor-widget-container\">\n\t\t\t\t\t\r\n        <div class=\"exad-dual-heading\">\r\n            <div class=\"exad-dual-heading-wrapper\">\r\n            \r\n                <h2 class=\"exad-dual-heading-title\">\r\n                                    <span class=\"first-heading\">Actualit\u00e9s <\/span>\r\n                    <span class=\"second-heading\">du Vice-rectorat<\/span>\r\n                                    <\/h2>\r\n\r\n                  \r\n\r\n            <\/div>\r\n        <\/div>\r\n        \t\t\t\t<\/div>\n\t\t\t\t<\/div>\n\t\t\t\t\t<\/div>\n\t\t<\/div>\n\t\t\t\t\t<\/div>\n\t\t<\/section>\n\t\t\t\t\t<\/div>\n\t\t<\/div>\n\t\t\t\t\t<\/div>\n\t\t<\/section>\n\t\t\t\t<section class=\"elementor-section elementor-top-section elementor-element elementor-element-776b4d7 elementor-section-boxed elementor-section-height-default elementor-section-height-default exad-sticky-section-no\" data-id=\"776b4d7\" data-element_type=\"section\" data-settings=\"{&quot;ekit_has_onepagescroll_dot&quot;:&quot;yes&quot;}\">\n\t\t\t\t\t\t<div class=\"elementor-container elementor-column-gap-default\">\n\t\t\t\t\t<div class=\"elementor-column elementor-col-66 elementor-top-column elementor-element elementor-element-f8732ad exad-sticky-section-no\" data-id=\"f8732ad\" data-element_type=\"column\">\n\t\t\t<div class=\"elementor-widget-wrap\">\n\t\t\t\t\t\t\t<\/div>\n\t\t<\/div>\n\t\t\t\t<div class=\"elementor-column elementor-col-33 elementor-top-column elementor-element elementor-element-286a46f exad-sticky-section-no\" data-id=\"286a46f\" data-element_type=\"column\">\n\t\t\t<div class=\"elementor-widget-wrap elementor-element-populated\">\n\t\t\t\t\t\t<div class=\"elementor-element elementor-element-9eb8758 exad-sticky-section-no elementor-widget elementor-widget-spacer\" data-id=\"9eb8758\" data-element_type=\"widget\" data-settings=\"{&quot;ekit_we_effect_on&quot;:&quot;none&quot;}\" data-widget_type=\"spacer.default\">\n\t\t\t\t<div class=\"elementor-widget-container\">\n\t\t\t\t\t\t\t<div class=\"elementor-spacer\">\n\t\t\t<div class=\"elementor-spacer-inner\"><\/div>\n\t\t<\/div>\n\t\t\t\t\t\t<\/div>\n\t\t\t\t<\/div>\n\t\t\t\t\t<\/div>\n\t\t<\/div>\n\t\t\t\t\t<\/div>\n\t\t<\/section>\n\t\t\t\t<\/div>\n\t\t","protected":false},"excerpt":{"rendered":"<p>Informations de contact Professeur : MOKHTARI Mustapha Vice-recteur de l\u2019Universit\u00e9 T\u00e9l\u00e9phone : Fax : m.mokhtari@univ-djelfa.dz En vertu de l\u2019arr\u00eat\u00e9 interminist\u00e9riel du 8 Rajab 1425 correspondant au 24 ao\u00fbt 2004, fixant l\u2019organisation administrative de la direction de l\u2019universit\u00e9, de la facult\u00e9, de l\u2019institut, de l\u2019annexe de l\u2019universit\u00e9 et de leurs services communs, publi\u00e9 au Journal officiel&#8230;<\/p>\n","protected":false},"author":2,"featured_media":13502,"parent":0,"menu_order":0,"comment_status":"closed","ping_status":"closed","template":"","meta":{"_kad_post_transparent":"","_kad_post_title":"default","_kad_post_layout":"default","_kad_post_sidebar_id":"","_kad_post_content_style":"default","_kad_post_vertical_padding":"default","_kad_post_feature":"default","_kad_post_feature_position":"","_kad_post_header":false,"_kad_post_footer":false,"footnotes":""},"class_list":["post-28524","page","type-page","status-publish","has-post-thumbnail","hentry"],"lang":"fr","translations":{"fr":28524,"en":21381,"ar":21372},"pll_sync_post":[],"_links":{"self":[{"href":"https:\/\/www.univ-djelfa.dz\/index.php?rest_route=\/wp\/v2\/pages\/28524","targetHints":{"allow":["GET"]}}],"collection":[{"href":"https:\/\/www.univ-djelfa.dz\/index.php?rest_route=\/wp\/v2\/pages"}],"about":[{"href":"https:\/\/www.univ-djelfa.dz\/index.php?rest_route=\/wp\/v2\/types\/page"}],"author":[{"embeddable":true,"href":"https:\/\/www.univ-djelfa.dz\/index.php?rest_route=\/wp\/v2\/users\/2"}],"replies":[{"embeddable":true,"href":"https:\/\/www.univ-djelfa.dz\/index.php?rest_route=%2Fwp%2Fv2%2Fcomments&post=28524"}],"version-history":[{"count":16,"href":"https:\/\/www.univ-djelfa.dz\/index.php?rest_route=\/wp\/v2\/pages\/28524\/revisions"}],"predecessor-version":[{"id":30952,"href":"https:\/\/www.univ-djelfa.dz\/index.php?rest_route=\/wp\/v2\/pages\/28524\/revisions\/30952"}],"wp:featuredmedia":[{"embeddable":true,"href":"https:\/\/www.univ-djelfa.dz\/index.php?rest_route=\/wp\/v2\/media\/13502"}],"wp:attachment":[{"href":"https:\/\/www.univ-djelfa.dz\/index.php?rest_route=%2Fwp%2Fv2%2Fmedia&parent=28524"}],"curies":[{"name":"wp","href":"https:\/\/api.w.org\/{rel}","templated":true}]}}