{"id":28563,"date":"2020-06-24T22:04:02","date_gmt":"2020-06-24T21:04:02","guid":{"rendered":"https:\/\/demo.univ-djelfa.dz\/?page_id=28563"},"modified":"2025-11-07T18:08:49","modified_gmt":"2025-11-07T17:08:49","slug":"le-vice-rectorat-de-la-formation-superieure-de-troisieme-cycle-de-lhabilitation-universitaire-et-la-recherche-scientifique-et-de-la-formation-superieure-de-post-graduation","status":"publish","type":"page","link":"https:\/\/www.univ-djelfa.dz\/?page_id=28563","title":{"rendered":"Vice-Rectorat de la Formation Sup\u00e9rieure de Post-Graduation, de l\u2019Habilitation Universitaire et de la Recherche Scientifique"},"content":{"rendered":"\t\t<div data-elementor-type=\"wp-page\" data-elementor-id=\"28563\" class=\"elementor elementor-28563\" data-elementor-post-type=\"page\">\n\t\t\t\t\t\t<section class=\"elementor-section elementor-top-section elementor-element elementor-element-cf864ae elementor-section-boxed elementor-section-height-default elementor-section-height-default exad-sticky-section-no\" data-id=\"cf864ae\" data-element_type=\"section\" data-settings=\"{&quot;ekit_has_onepagescroll_dot&quot;:&quot;yes&quot;}\">\n\t\t\t\t\t\t<div class=\"elementor-container elementor-column-gap-default\">\n\t\t\t\t\t<div class=\"elementor-column elementor-col-33 elementor-top-column elementor-element elementor-element-79ee34a exad-sticky-section-no\" data-id=\"79ee34a\" data-element_type=\"column\">\n\t\t\t<div class=\"elementor-widget-wrap elementor-element-populated\">\n\t\t\t\t\t\t<section class=\"elementor-section elementor-inner-section elementor-element elementor-element-c37ed3d elementor-section-boxed elementor-section-height-default elementor-section-height-default exad-sticky-section-no\" data-id=\"c37ed3d\" data-element_type=\"section\" data-settings=\"{&quot;ekit_has_onepagescroll_dot&quot;:&quot;yes&quot;}\">\n\t\t\t\t\t\t<div class=\"elementor-container elementor-column-gap-default\">\n\t\t\t\t\t<div class=\"elementor-column elementor-col-100 elementor-inner-column elementor-element elementor-element-bc9e7af exad-sticky-section-no\" data-id=\"bc9e7af\" data-element_type=\"column\">\n\t\t\t<div class=\"elementor-widget-wrap elementor-element-populated\">\n\t\t\t\t\t\t<div class=\"elementor-element elementor-element-840221b exad-sticky-section-no elementor-widget elementor-widget-html\" data-id=\"840221b\" data-element_type=\"widget\" data-settings=\"{&quot;ekit_we_effect_on&quot;:&quot;none&quot;}\" data-widget_type=\"html.default\">\n\t\t\t\t<div class=\"elementor-widget-container\">\n\t\t\t\t\t<!-- Carte d'information de contact (Fran\u00e7ais - style officiel) -->\n<div dir=\"ltr\" lang=\"fr\" style=\"font-family:'Cairo', sans-serif; background:#fff; color:#2e3548; max-width:600px; border:1px solid rgba(172,11,48,0.15); border-radius:14px; padding:20px; margin:auto;\">\n  <link href=\"https:\/\/fonts.googleapis.com\/css2?family=Cairo:wght@400;600;700&display=swap\" rel=\"stylesheet\">\n\n  <h3 style=\"color:#ac0b30; font-weight:700; font-size:22px; margin:0 0 15px 0; display:flex; align-items:center; gap:10px;\">\n    <svg width=\"26\" height=\"26\" viewBox=\"0 0 24 24\" fill=\"none\">\n      <circle cx=\"12\" cy=\"8\" r=\"3.2\" stroke=\"#ac0b30\" stroke-width=\"1.4\" fill=\"rgba(172,11,48,0.06)\"\/>\n      <path d=\"M4.5 19.2c0-3.2 3.8-5.1 7.5-5.1s7.5 1.9 7.5 5.1\" stroke=\"#ac0b30\" stroke-width=\"1.2\" stroke-linecap=\"round\"\/>\n    <\/svg>\n    Informations de contact\n  <\/h3>\n\n  <div style=\"display:grid; grid-template-columns:auto 1fr; gap:10px 14px; align-items:center;\">\n    <div>\n      <svg width=\"20\" height=\"20\" viewBox=\"0 0 24 24\" fill=\"none\">\n        <path d=\"M12 12.5c2.2 0 4-1.8 4-4s-1.8-4-4-4-4 1.8-4 4 1.8 4 4 4z\" stroke=\"#6b6f78\" stroke-width=\"1.1\" fill=\"none\"\/>\n        <path d=\"M4 20.2c0-2.9 3.6-4.8 8-4.8s8 1.9 8 4.8\" stroke=\"#6b6f78\" stroke-width=\"1.1\" stroke-linecap=\"round\"\/>\n      <\/svg>\n    <\/div>\n    <div>\n      <div style=\"font-weight:700; font-size:16px;\">Professeur : Mazouz Lakhdar<\/div>\n      <div style=\"font-size:13px; color:#6b6f78;\">Vice-recteur de l\u2019Universit\u00e9<\/div>\n    <\/div>\n\n    <div>\n      <svg width=\"20\" height=\"20\" viewBox=\"0 0 24 24\" fill=\"none\">\n        <path d=\"M22 16.92V20a2 2 0 0 1-2.18 2A19.73 19.73 0 0 1 3 5.18 2 2 0 0 1 5 3h3.09a1 1 0 0 1 1 .75l1.18 4.73a1 1 0 0 1-.27.95l-1.9 1.9a16 16 0 0 0 6.88 6.88l1.9-1.9a1 1 0 0 1 .95-.27l4.73 1.18a1 1 0 0 1 .75 1z\" stroke=\"#6b6f78\" stroke-width=\"1.1\" fill=\"none\"\/>\n      <\/svg>\n    <\/div>\n    <div>\n      <div style=\"font-size:14px;\">T\u00e9l\u00e9phone :  <\/div>\n      <div style=\"font-size:14px;\">Fax : <\/div>\n    <\/div>\n\n    <div>\n      <svg width=\"20\" height=\"20\" viewBox=\"0 0 24 24\" fill=\"none\">\n        <path d=\"M3 7.6v8.8A2.6 2.6 0 0 0 5.6 19h12.8A2.6 2.6 0 0 0 21 16.4V7.6\" stroke=\"#6b6f78\" stroke-width=\"1.1\" fill=\"none\"\/>\n        <path d=\"M21 7.6l-8.9 6.6a2 2 0 0 1-2.2 0L3 7.6\" stroke=\"#6b6f78\" stroke-width=\"1.1\" fill=\"none\"\/>\n      <\/svg>\n    <\/div>\n    <div>\n      <a href=\"mailto:l.mazouz@univ-djelfa.dz\" style=\"color:#0b4c7a; font-weight:600; text-decoration:none;\">l.mazouz@univ-djelfa.dz<\/a>\n    <\/div>\n  <\/div>\n<\/div>\n\t\t\t\t<\/div>\n\t\t\t\t<\/div>\n\t\t\t\t\t<\/div>\n\t\t<\/div>\n\t\t\t\t\t<\/div>\n\t\t<\/section>\n\t\t\t\t\t<\/div>\n\t\t<\/div>\n\t\t\t\t<div class=\"elementor-column elementor-col-66 elementor-top-column elementor-element elementor-element-76ccdb2 exad-sticky-section-no\" data-id=\"76ccdb2\" data-element_type=\"column\">\n\t\t\t<div class=\"elementor-widget-wrap elementor-element-populated\">\n\t\t\t\t\t\t<div class=\"elementor-element elementor-element-4b4db42 elementor-widget__width-initial exad-sticky-section-no elementor-widget elementor-widget-text-editor\" data-id=\"4b4db42\" data-element_type=\"widget\" data-settings=\"{&quot;ekit_we_effect_on&quot;:&quot;none&quot;}\" data-widget_type=\"text-editor.default\">\n\t\t\t\t<div class=\"elementor-widget-container\">\n\t\t\t\t\t\t\t\t\t<p><span style=\"font-family: arial, helvetica, sans-serif; font-size: 12pt; color: #ac0c30;\">En vertu de l\u2019arr\u00eat\u00e9 interminist\u00e9riel du 8 Rajab 1425 correspondant au 24 ao\u00fbt 2004, fixant l\u2019organisation administrative de la direction de l\u2019universit\u00e9, de la facult\u00e9, de l\u2019institut, de l\u2019annexe de l\u2019universit\u00e9 et de leurs services communs, publi\u00e9 au Journal officiel n\u00b0 62 du 11 Cha\u00e2bane 1425 correspondant au 26 septembre 2004<\/span><\/p><hr \/><p><strong>Le vice-rectorat de la formation sup\u00e9rieure de <\/strong><strong>post-graduation, de l\u2019habilitation universitaire et de la<\/strong><br \/><strong>recherche scientifique est charg\u00e9 de :<\/strong><br \/>\u2014 suivre les questions li\u00e9es au d\u00e9roulement des formations de post-graduation, de post-graduation<br \/>sp\u00e9cialis\u00e9e et \u00e0 l\u2019habilitation universitaire et veiller \u00e0 l\u2019application de la r\u00e9glementation en vigueur en la<br \/>mati\u00e8re,<br \/>\u2014 suivre les activit\u00e9s de recherche des unit\u00e9s et laboratoires de recherche et en \u00e9laborer le bilan, en<br \/>coordination avec les facult\u00e9s et instituts,<br \/>\u2014 mener toute action de valorisation des r\u00e9sultats de la recherche,<br \/>\u2014 assurer le suivi du fonctionnement du conseil<br \/>scientifique de l\u2019universit\u00e9 et en conserver les archives,<br \/>\u2014 collecter et diffuser les informations sur les activit\u00e9s de recherche men\u00e9es par l\u2019universit\u00e9.<br \/><strong>Il est compos\u00e9 des services suivants :<\/strong><br \/>\u2014 le service de la formation de post-graduation et de la<br \/>post graduation sp\u00e9cialis\u00e9e,<br \/>\u2014 le service de l\u2019habilitation universitaire,<br \/>\u2014 le service du suivi des activit\u00e9s de recherche et de la<br \/>valorisation de ses r\u00e9sultats.<\/p>\t\t\t\t\t\t\t\t<\/div>\n\t\t\t\t<\/div>\n\t\t\t\t\t<\/div>\n\t\t<\/div>\n\t\t\t\t\t<\/div>\n\t\t<\/section>\n\t\t\t\t<section class=\"elementor-section elementor-top-section elementor-element elementor-element-7b10007 elementor-section-boxed elementor-section-height-default elementor-section-height-default exad-sticky-section-no\" data-id=\"7b10007\" data-element_type=\"section\" data-settings=\"{&quot;ekit_has_onepagescroll_dot&quot;:&quot;yes&quot;}\">\n\t\t\t\t\t\t<div class=\"elementor-container elementor-column-gap-default\">\n\t\t\t\t\t<div class=\"elementor-column elementor-col-100 elementor-top-column elementor-element elementor-element-18f8521 exad-sticky-section-no\" data-id=\"18f8521\" data-element_type=\"column\">\n\t\t\t<div class=\"elementor-widget-wrap elementor-element-populated\">\n\t\t\t\t\t\t<div class=\"elementor-element elementor-element-adace10 exad-sticky-section-no elementor-widget elementor-widget-exad-exclusive-dual-heading\" data-id=\"adace10\" data-element_type=\"widget\" data-settings=\"{&quot;ekit_we_effect_on&quot;:&quot;none&quot;}\" data-widget_type=\"exad-exclusive-dual-heading.default\">\n\t\t\t\t<div class=\"elementor-widget-container\">\n\t\t\t\t\t\r\n        <div class=\"exad-dual-heading\">\r\n            <div class=\"exad-dual-heading-wrapper\">\r\n            \r\n                <h2 class=\"exad-dual-heading-title\">\r\n                                    <span class=\"first-heading\">Actualit\u00e9s <\/span>\r\n                    <span class=\"second-heading\">du Vice-rectorat<\/span>\r\n                                    <\/h2>\r\n\r\n                  \r\n\r\n            <\/div>\r\n        <\/div>\r\n        \t\t\t\t<\/div>\n\t\t\t\t<\/div>\n\t\t\t\t\t<\/div>\n\t\t<\/div>\n\t\t\t\t\t<\/div>\n\t\t<\/section>\n\t\t\t\t<section class=\"elementor-section elementor-top-section elementor-element elementor-element-ea2d80e elementor-section-boxed elementor-section-height-default elementor-section-height-default exad-sticky-section-no\" data-id=\"ea2d80e\" data-element_type=\"section\" data-settings=\"{&quot;ekit_has_onepagescroll_dot&quot;:&quot;yes&quot;}\">\n\t\t\t\t\t\t<div class=\"elementor-container elementor-column-gap-default\">\n\t\t\t\t\t<div class=\"elementor-column elementor-col-66 elementor-top-column elementor-element elementor-element-49d29c3 exad-sticky-section-no\" data-id=\"49d29c3\" data-element_type=\"column\">\n\t\t\t<div class=\"elementor-widget-wrap\">\n\t\t\t\t\t\t\t<\/div>\n\t\t<\/div>\n\t\t\t\t<div class=\"elementor-column elementor-col-33 elementor-top-column elementor-element elementor-element-08b6782 exad-sticky-section-no\" data-id=\"08b6782\" data-element_type=\"column\">\n\t\t\t<div class=\"elementor-widget-wrap elementor-element-populated\">\n\t\t\t\t\t\t<div class=\"elementor-element elementor-element-e5ac7e5 exad-sticky-section-no elementor-widget elementor-widget-spacer\" data-id=\"e5ac7e5\" data-element_type=\"widget\" data-settings=\"{&quot;ekit_we_effect_on&quot;:&quot;none&quot;}\" data-widget_type=\"spacer.default\">\n\t\t\t\t<div class=\"elementor-widget-container\">\n\t\t\t\t\t\t\t<div class=\"elementor-spacer\">\n\t\t\t<div class=\"elementor-spacer-inner\"><\/div>\n\t\t<\/div>\n\t\t\t\t\t\t<\/div>\n\t\t\t\t<\/div>\n\t\t\t\t\t<\/div>\n\t\t<\/div>\n\t\t\t\t\t<\/div>\n\t\t<\/section>\n\t\t\t\t<\/div>\n\t\t","protected":false},"excerpt":{"rendered":"<p>Informations de contact Professeur : Mazouz Lakhdar Vice-recteur de l\u2019Universit\u00e9 T\u00e9l\u00e9phone : Fax : l.mazouz@univ-djelfa.dz En vertu de l\u2019arr\u00eat\u00e9 interminist\u00e9riel du 8 Rajab 1425 correspondant au 24 ao\u00fbt 2004, fixant l\u2019organisation administrative de la direction de l\u2019universit\u00e9, de la facult\u00e9, de l\u2019institut, de l\u2019annexe de l\u2019universit\u00e9 et de leurs services communs, publi\u00e9 au Journal officiel&#8230;<\/p>\n","protected":false},"author":2,"featured_media":13500,"parent":0,"menu_order":0,"comment_status":"closed","ping_status":"closed","template":"","meta":{"_kad_post_transparent":"","_kad_post_title":"default","_kad_post_layout":"default","_kad_post_sidebar_id":"","_kad_post_content_style":"default","_kad_post_vertical_padding":"default","_kad_post_feature":"hide","_kad_post_feature_position":"","_kad_post_header":false,"_kad_post_footer":false,"footnotes":""},"class_list":["post-28563","page","type-page","status-publish","has-post-thumbnail","hentry"],"lang":"fr","translations":{"fr":28563,"en":14964,"ar":2407},"pll_sync_post":[],"_links":{"self":[{"href":"https:\/\/www.univ-djelfa.dz\/index.php?rest_route=\/wp\/v2\/pages\/28563","targetHints":{"allow":["GET"]}}],"collection":[{"href":"https:\/\/www.univ-djelfa.dz\/index.php?rest_route=\/wp\/v2\/pages"}],"about":[{"href":"https:\/\/www.univ-djelfa.dz\/index.php?rest_route=\/wp\/v2\/types\/page"}],"author":[{"embeddable":true,"href":"https:\/\/www.univ-djelfa.dz\/index.php?rest_route=\/wp\/v2\/users\/2"}],"replies":[{"embeddable":true,"href":"https:\/\/www.univ-djelfa.dz\/index.php?rest_route=%2Fwp%2Fv2%2Fcomments&post=28563"}],"version-history":[{"count":17,"href":"https:\/\/www.univ-djelfa.dz\/index.php?rest_route=\/wp\/v2\/pages\/28563\/revisions"}],"predecessor-version":[{"id":30945,"href":"https:\/\/www.univ-djelfa.dz\/index.php?rest_route=\/wp\/v2\/pages\/28563\/revisions\/30945"}],"wp:featuredmedia":[{"embeddable":true,"href":"https:\/\/www.univ-djelfa.dz\/index.php?rest_route=\/wp\/v2\/media\/13500"}],"wp:attachment":[{"href":"https:\/\/www.univ-djelfa.dz\/index.php?rest_route=%2Fwp%2Fv2%2Fmedia&parent=28563"}],"curies":[{"name":"wp","href":"https:\/\/api.w.org\/{rel}","templated":true}]}}