{"id":29730,"date":"2024-10-21T16:42:04","date_gmt":"2024-10-21T15:42:04","guid":{"rendered":"https:\/\/demo.univ-djelfa.dz\/?page_id=29730"},"modified":"2025-10-31T20:01:25","modified_gmt":"2025-10-31T19:01:25","slug":"elementor-29730","status":"publish","type":"page","link":"https:\/\/www.univ-djelfa.dz\/?page_id=29730","title":{"rendered":"Biblioth\u00e8que"},"content":{"rendered":"\t\t<div data-elementor-type=\"wp-page\" data-elementor-id=\"29730\" class=\"elementor elementor-29730\" data-elementor-post-type=\"page\">\n\t\t\t\t\t\t<section class=\"elementor-section elementor-top-section elementor-element elementor-element-ee02ea2 elementor-section-boxed elementor-section-height-default elementor-section-height-default exad-sticky-section-no\" data-id=\"ee02ea2\" data-element_type=\"section\" data-settings=\"{&quot;ekit_has_onepagescroll_dot&quot;:&quot;yes&quot;}\">\n\t\t\t\t\t\t<div class=\"elementor-container elementor-column-gap-default\">\n\t\t\t\t\t<div class=\"elementor-column elementor-col-100 elementor-top-column elementor-element elementor-element-30d8d30 exad-sticky-section-no\" data-id=\"30d8d30\" data-element_type=\"column\">\n\t\t\t<div class=\"elementor-widget-wrap elementor-element-populated\">\n\t\t\t\t\t\t<section class=\"elementor-section elementor-inner-section elementor-element elementor-element-6f45bd1 elementor-section-boxed elementor-section-height-default elementor-section-height-default exad-sticky-section-no\" data-id=\"6f45bd1\" data-element_type=\"section\" data-settings=\"{&quot;ekit_has_onepagescroll_dot&quot;:&quot;yes&quot;}\">\n\t\t\t\t\t\t<div class=\"elementor-container elementor-column-gap-default\">\n\t\t\t\t\t<div class=\"elementor-column elementor-col-50 elementor-inner-column elementor-element elementor-element-4d2f82a exad-sticky-section-no\" data-id=\"4d2f82a\" data-element_type=\"column\">\n\t\t\t<div class=\"elementor-widget-wrap elementor-element-populated\">\n\t\t\t\t\t\t<div class=\"elementor-element elementor-element-2de4c53 exad-sticky-section-no elementor-widget elementor-widget-text-editor\" data-id=\"2de4c53\" data-element_type=\"widget\" data-settings=\"{&quot;ekit_we_effect_on&quot;:&quot;none&quot;}\" data-widget_type=\"text-editor.default\">\n\t\t\t\t<div class=\"elementor-widget-container\">\n\t\t\t\t\t\t\t\t\t<p data-start=\"0\" data-end=\"93\"><span style=\"font-family: arial, helvetica, sans-serif; font-size: 12pt;\">La biblioth\u00e8que centrale de l\u2019universit\u00e9 prend en charge notamment les missions suivantes :<\/span><\/p><p data-start=\"95\" data-end=\"256\"><span style=\"font-family: arial, helvetica, sans-serif; font-size: 12pt;\">\u2013 Proposer des programmes d\u2019acquisition des ouvrages et de la documentation universitaire en coordination avec les biblioth\u00e8ques des facult\u00e9s et des instituts.<\/span><\/p><p data-start=\"258\" data-end=\"321\"><span style=\"font-family: arial, helvetica, sans-serif; font-size: 12pt;\">\u2013 Tenir le fichier des th\u00e8ses et m\u00e9moires de post-graduation.<\/span><\/p><p data-start=\"323\" data-end=\"462\"><span style=\"font-family: arial, helvetica, sans-serif; font-size: 12pt;\">\u2013 Organiser le fonds documentaire de la biblioth\u00e8que centrale en utilisant les m\u00e9thodes les plus r\u00e9centes de traitement et de classement.<\/span><\/p><p data-start=\"464\" data-end=\"600\"><span style=\"font-family: arial, helvetica, sans-serif; font-size: 12pt;\">\u2013 Assister les responsables des biblioth\u00e8ques des facult\u00e9s et des instituts dans la gestion des structures plac\u00e9es sous leur autorit\u00e9.<\/span><\/p><p data-start=\"602\" data-end=\"723\"><span style=\"font-family: arial, helvetica, sans-serif; font-size: 12pt;\">\u2013 Assurer la conservation du fonds documentaire de la biblioth\u00e8que centrale et la mise \u00e0 jour continue de l\u2019inventaire.<\/span><\/p><p data-start=\"725\" data-end=\"850\"><span style=\"font-family: arial, helvetica, sans-serif; font-size: 12pt;\">\u2013 Mettre en place les conditions appropri\u00e9es pour l\u2019utilisation du fonds documentaire par les \u00e9tudiants et les enseignants.<\/span><\/p><p data-start=\"852\" data-end=\"934\"><span style=\"font-family: arial, helvetica, sans-serif; font-size: 12pt;\">\u2013 Aider les enseignants et les \u00e9tudiants dans leurs recherches bibliographiques.<\/span><\/p><p data-start=\"936\" data-end=\"975\"><span style=\"font-family: arial, helvetica, sans-serif; font-size: 12pt;\">Elle comprend les services suivants :<\/span><\/p><p data-start=\"977\" data-end=\"1112\" data-is-last-node=\"\" data-is-only-node=\"\"><span style=\"font-size: 12pt;\"><strong><span style=\"font-family: arial, helvetica, sans-serif;\">\u2013 Service des acquisitions<\/span><\/strong><\/span><br data-start=\"1003\" data-end=\"1006\" \/><span style=\"font-size: 12pt;\"><strong><span style=\"font-family: arial, helvetica, sans-serif;\">\u2013 Service du traitement documentaire<\/span><\/strong><\/span><br data-start=\"1042\" data-end=\"1045\" \/><span style=\"font-size: 12pt;\"><strong><span style=\"font-family: arial, helvetica, sans-serif;\">\u2013 Service de la recherche bibliographique<\/span><\/strong><\/span><br data-start=\"1086\" data-end=\"1089\" \/><span style=\"font-size: 12pt;\"><strong><span style=\"font-family: arial, helvetica, sans-serif;\">\u2013 Service d\u2019orientation<\/span><\/strong><\/span><\/p>\t\t\t\t\t\t\t\t<\/div>\n\t\t\t\t<\/div>\n\t\t\t\t\t<\/div>\n\t\t<\/div>\n\t\t\t\t<div class=\"elementor-column elementor-col-50 elementor-inner-column elementor-element elementor-element-168f506 exad-sticky-section-no\" data-id=\"168f506\" data-element_type=\"column\">\n\t\t\t<div class=\"elementor-widget-wrap elementor-element-populated\">\n\t\t\t\t\t\t<div class=\"elementor-element elementor-element-68d92ed exad-sticky-section-no elementor-widget elementor-widget-image\" data-id=\"68d92ed\" data-element_type=\"widget\" data-settings=\"{&quot;ekit_we_effect_on&quot;:&quot;none&quot;}\" data-widget_type=\"image.default\">\n\t\t\t\t<div class=\"elementor-widget-container\">\n\t\t\t\t\t\t\t\t\t\t\t\t\t\t\t<img fetchpriority=\"high\" decoding=\"async\" width=\"1024\" height=\"683\" src=\"https:\/\/www.univ-djelfa.dz\/wp-content\/uploads\/steptodown.com405065-1024x683.jpg\" class=\"attachment-large size-large wp-image-15497\" alt=\"\" srcset=\"https:\/\/www.univ-djelfa.dz\/wp-content\/uploads\/steptodown.com405065-1024x683.jpg 1024w, https:\/\/www.univ-djelfa.dz\/wp-content\/uploads\/steptodown.com405065-300x200.jpg 300w, https:\/\/www.univ-djelfa.dz\/wp-content\/uploads\/steptodown.com405065-768x512.jpg 768w, https:\/\/www.univ-djelfa.dz\/wp-content\/uploads\/steptodown.com405065.jpg 1224w\" sizes=\"(max-width: 1024px) 100vw, 1024px\" \/>\t\t\t\t\t\t\t\t\t\t\t\t\t\t\t<\/div>\n\t\t\t\t<\/div>\n\t\t\t\t\t<\/div>\n\t\t<\/div>\n\t\t\t\t\t<\/div>\n\t\t<\/section>\n\t\t\t\t\t<\/div>\n\t\t<\/div>\n\t\t\t\t\t<\/div>\n\t\t<\/section>\n\t\t\t\t<section class=\"elementor-section elementor-top-section elementor-element elementor-element-b50be6b elementor-section-boxed elementor-section-height-default elementor-section-height-default exad-sticky-section-no\" data-id=\"b50be6b\" data-element_type=\"section\" data-settings=\"{&quot;background_background&quot;:&quot;classic&quot;,&quot;ekit_has_onepagescroll_dot&quot;:&quot;yes&quot;}\">\n\t\t\t\t\t\t\t<div class=\"elementor-background-overlay\"><\/div>\n\t\t\t\t\t\t\t<div class=\"elementor-container elementor-column-gap-default\">\n\t\t\t\t\t<div class=\"elementor-column elementor-col-100 elementor-top-column elementor-element elementor-element-47b5326 exad-sticky-section-no\" data-id=\"47b5326\" data-element_type=\"column\">\n\t\t\t<div class=\"elementor-widget-wrap elementor-element-populated\">\n\t\t\t\t\t\t<div class=\"elementor-element elementor-element-b217095 exad-sticky-section-no elementor-widget elementor-widget-exad-exclusive-heading\" data-id=\"b217095\" data-element_type=\"widget\" data-settings=\"{&quot;ekit_we_effect_on&quot;:&quot;none&quot;}\" data-widget_type=\"exad-exclusive-heading.default\">\n\t\t\t\t<div class=\"elementor-widget-container\">\n\t\t\t\t\t\r\n        <div class=\"exad-exclusive-heading\">\r\n            <div class=\"exad-exclusive-heading-wrapper exad-heading-center exad-heading-simple\">\r\n\t\t\t\r\n                <h1 data-content=\"Services Num\u00e9riques\" class=\"exad-exclusive-heading-title\">\r\n\t\t\t\t\tServices Num\u00e9riques\t\t\t\t<\/h1>\r\n\t\r\n                \t\t\t\t\t<div class=\"exad-heading-separator\"><\/div>\r\n\t\t\t\t\r\n            <\/div>\r\n        <\/div>\r\n\t\t\t\t\t<\/div>\n\t\t\t\t<\/div>\n\t\t\t\t<section class=\"elementor-section elementor-inner-section elementor-element elementor-element-5308a71 elementor-section-boxed elementor-section-height-default elementor-section-height-default exad-sticky-section-no\" data-id=\"5308a71\" data-element_type=\"section\" data-settings=\"{&quot;ekit_has_onepagescroll_dot&quot;:&quot;yes&quot;}\">\n\t\t\t\t\t\t<div class=\"elementor-container elementor-column-gap-default\">\n\t\t\t\t\t<div class=\"elementor-column elementor-col-33 elementor-inner-column elementor-element elementor-element-b5e72e3 exad-sticky-section-no\" data-id=\"b5e72e3\" data-element_type=\"column\">\n\t\t\t<div class=\"elementor-widget-wrap elementor-element-populated\">\n\t\t\t\t\t\t<div class=\"elementor-element elementor-element-d90baf4 exad-sticky-section-no elementor-widget elementor-widget-exad-iconbox\" data-id=\"d90baf4\" data-element_type=\"widget\" data-settings=\"{&quot;ekit_we_effect_on&quot;:&quot;none&quot;}\" data-widget_type=\"exad-iconbox.default\">\n\t\t\t\t<div class=\"elementor-widget-container\">\n\t\t\t\t\t\t\t\n\n        <div class=\"exad-iconbox exad-iconbox-center exad-iconbox-icon-position-center\">\n                            <a href=\"https:\/\/library.univ-djelfa.dz\/biblio\/recherche_biblio_ar.php\" class=\"exad-iconbox-wrapper\">\n\t\t\t\t\t\t\t                <span class=\"exad-iconbox-icon yes\">\n                    <i aria-hidden=\"true\" class=\"mdi mdi-text-box-search-outline\"><\/i>                <\/span>\n\t\t\t\t<div class=\"exad-iconbox-content\">\n\t\t\t\t\t\t\t\t\t\t\t<h3 class=\"exad-iconbox-title\">\t\t\t\t\t\t\tRecherche bibliographique\t\t\t\t\t\t<\/h3>\t\t\t\t\t\t\t\t\t\t\t\t\t\t<\/div>\n                            <\/a>\n                    <\/div>\n\t\t\t\t\t\t<\/div>\n\t\t\t\t<\/div>\n\t\t\t\t<div class=\"elementor-element elementor-element-3bb992a exad-sticky-section-no elementor-widget elementor-widget-exad-iconbox\" data-id=\"3bb992a\" data-element_type=\"widget\" data-settings=\"{&quot;ekit_we_effect_on&quot;:&quot;none&quot;}\" data-widget_type=\"exad-iconbox.default\">\n\t\t\t\t<div class=\"elementor-widget-container\">\n\t\t\t\t\t\t\t\n\n        <div class=\"exad-iconbox exad-iconbox-center exad-iconbox-icon-position-center\">\n                            <a href=\"https:\/\/www.sndl.cerist.dz\/\" class=\"exad-iconbox-wrapper\" target=\"_blank\" rel=\"noopener\">\n\t\t\t\t\t\t\t                <span class=\"exad-iconbox-icon yes\">\n                    <i aria-hidden=\"true\" class=\"mdi mdi-library-shelves\"><\/i>                <\/span>\n\t\t\t\t<div class=\"exad-iconbox-content\">\n\t\t\t\t\t\t\t\t\t\t\t<h3 class=\"exad-iconbox-title\">\t\t\t\t\t\t\tSyst\u00e8me National de Documentation en Ligne (SNDL)\t\t\t\t\t\t<\/h3>\t\t\t\t\t\t\t\t\t\t\t\t\t\t<\/div>\n                            <\/a>\n                    <\/div>\n\t\t\t\t\t\t<\/div>\n\t\t\t\t<\/div>\n\t\t\t\t\t<\/div>\n\t\t<\/div>\n\t\t\t\t<div class=\"elementor-column elementor-col-33 elementor-inner-column elementor-element elementor-element-3f96a7e exad-sticky-section-no\" data-id=\"3f96a7e\" data-element_type=\"column\">\n\t\t\t<div class=\"elementor-widget-wrap elementor-element-populated\">\n\t\t\t\t\t\t<div class=\"elementor-element elementor-element-2bca000 exad-sticky-section-no elementor-widget elementor-widget-exad-iconbox\" data-id=\"2bca000\" data-element_type=\"widget\" data-settings=\"{&quot;ekit_we_effect_on&quot;:&quot;none&quot;}\" data-widget_type=\"exad-iconbox.default\">\n\t\t\t\t<div class=\"elementor-widget-container\">\n\t\t\t\t\t\t\t\n\n        <div class=\"exad-iconbox exad-iconbox-center exad-iconbox-icon-position-center\">\n                            <a href=\"https:\/\/www.univ-djelfa.dz:8000\/\" class=\"exad-iconbox-wrapper\">\n\t\t\t\t\t\t\t                <span class=\"exad-iconbox-icon yes\">\n                    <i aria-hidden=\"true\" class=\"icofont icofont-search-stock\"><\/i>                <\/span>\n\t\t\t\t<div class=\"exad-iconbox-content\">\n\t\t\t\t\t\t\t\t\t\t\t<h3 class=\"exad-iconbox-title\">\t\t\t\t\t\t\tRecherche bibliographique SYNGEB\t\t\t\t\t\t<\/h3>\t\t\t\t\t\t\t\t\t\t\t\t\t\t<\/div>\n                            <\/a>\n                    <\/div>\n\t\t\t\t\t\t<\/div>\n\t\t\t\t<\/div>\n\t\t\t\t<div class=\"elementor-element elementor-element-947ef06 exad-sticky-section-no elementor-widget elementor-widget-exad-iconbox\" data-id=\"947ef06\" data-element_type=\"widget\" data-settings=\"{&quot;ekit_we_effect_on&quot;:&quot;none&quot;}\" data-widget_type=\"exad-iconbox.default\">\n\t\t\t\t<div class=\"elementor-widget-container\">\n\t\t\t\t\t\t\t\n\n        <div class=\"exad-iconbox exad-iconbox-center exad-iconbox-icon-position-center\">\n                            <a href=\"http:\/\/e-library.univ-djelfa.dz\/buc\/\" class=\"exad-iconbox-wrapper\">\n\t\t\t\t\t\t\t                <span class=\"exad-iconbox-icon yes\">\n                    <i aria-hidden=\"true\" class=\"fas fa-address-book\"><\/i>                <\/span>\n\t\t\t\t<div class=\"exad-iconbox-content\">\n\t\t\t\t\t\t\t\t\t\t\t<h3 class=\"exad-iconbox-title\">\t\t\t\t\t\t\tGestion de biblioth\u00e8que PMB\t\t\t\t\t\t<\/h3>\t\t\t\t\t\t\t\t\t\t\t\t\t\t<\/div>\n                            <\/a>\n                    <\/div>\n\t\t\t\t\t\t<\/div>\n\t\t\t\t<\/div>\n\t\t\t\t\t<\/div>\n\t\t<\/div>\n\t\t\t\t<div class=\"elementor-column elementor-col-33 elementor-inner-column elementor-element elementor-element-72c30bd exad-sticky-section-no\" data-id=\"72c30bd\" data-element_type=\"column\">\n\t\t\t<div class=\"elementor-widget-wrap elementor-element-populated\">\n\t\t\t\t\t\t<div class=\"elementor-element elementor-element-7f4aa08 exad-sticky-section-no elementor-widget elementor-widget-exad-iconbox\" data-id=\"7f4aa08\" data-element_type=\"widget\" data-settings=\"{&quot;ekit_we_effect_on&quot;:&quot;none&quot;}\" data-widget_type=\"exad-iconbox.default\">\n\t\t\t\t<div class=\"elementor-widget-container\">\n\t\t\t\t\t\t\t\n\n        <div class=\"exad-iconbox exad-iconbox-center exad-iconbox-icon-position-center\">\n                            <a href=\"http:\/\/dspace.univ-djelfa.dz:8080\/xmlui\/?locale-attribute=ar\" class=\"exad-iconbox-wrapper\">\n\t\t\t\t\t\t\t                <span class=\"exad-iconbox-icon yes\">\n                    <i aria-hidden=\"true\" class=\"icofont icofont-book-alt\"><\/i>                <\/span>\n\t\t\t\t<div class=\"exad-iconbox-content\">\n\t\t\t\t\t\t\t\t\t\t\t<h3 class=\"exad-iconbox-title\">\t\t\t\t\t\t\tD\u00e9p\u00f4t institutionnel DSpace\t\t\t\t\t\t<\/h3>\t\t\t\t\t\t\t\t\t\t\t\t\t\t<\/div>\n                            <\/a>\n                    <\/div>\n\t\t\t\t\t\t<\/div>\n\t\t\t\t<\/div>\n\t\t\t\t<div class=\"elementor-element elementor-element-1bd3ba2 exad-sticky-section-no elementor-widget elementor-widget-exad-iconbox\" data-id=\"1bd3ba2\" data-element_type=\"widget\" data-settings=\"{&quot;ekit_we_effect_on&quot;:&quot;none&quot;}\" data-widget_type=\"exad-iconbox.default\">\n\t\t\t\t<div class=\"elementor-widget-container\">\n\t\t\t\t\t\t\t\n\n        <div class=\"exad-iconbox exad-iconbox-center exad-iconbox-icon-position-center\">\n                            <a href=\"https:\/\/st.iqraa.opu.dz\/\" class=\"exad-iconbox-wrapper\" target=\"_blank\" rel=\"noopener\">\n\t\t\t\t\t\t\t                <span class=\"exad-iconbox-icon yes\">\n                    <i aria-hidden=\"true\" class=\"icofont icofont-read-book\"><\/i>                <\/span>\n\t\t\t\t<div class=\"exad-iconbox-content\">\n\t\t\t\t\t\t\t\t\t\t\t<h3 class=\"exad-iconbox-title\">\t\t\t\t\t\t\tPlateforme num\u00e9rique Iqraa\t\t\t\t\t\t<\/h3>\t\t\t\t\t\t\t\t\t\t\t\t\t\t<\/div>\n                            <\/a>\n                    <\/div>\n\t\t\t\t\t\t<\/div>\n\t\t\t\t<\/div>\n\t\t\t\t\t<\/div>\n\t\t<\/div>\n\t\t\t\t\t<\/div>\n\t\t<\/section>\n\t\t\t\t\t<\/div>\n\t\t<\/div>\n\t\t\t\t\t<\/div>\n\t\t<\/section>\n\t\t\t\t<section class=\"elementor-section elementor-top-section elementor-element elementor-element-523c598 elementor-section-boxed elementor-section-height-default elementor-section-height-default exad-sticky-section-no\" data-id=\"523c598\" data-element_type=\"section\" data-settings=\"{&quot;ekit_has_onepagescroll_dot&quot;:&quot;yes&quot;}\">\n\t\t\t\t\t\t<div class=\"elementor-container elementor-column-gap-default\">\n\t\t\t\t\t<div class=\"elementor-column elementor-col-100 elementor-top-column elementor-element elementor-element-095c266 exad-sticky-section-no\" data-id=\"095c266\" data-element_type=\"column\">\n\t\t\t<div class=\"elementor-widget-wrap elementor-element-populated\">\n\t\t\t\t\t\t<div class=\"elementor-element elementor-element-4ee9dbd exad-sticky-section-no elementor-widget elementor-widget-spacer\" data-id=\"4ee9dbd\" data-element_type=\"widget\" data-settings=\"{&quot;ekit_we_effect_on&quot;:&quot;none&quot;}\" data-widget_type=\"spacer.default\">\n\t\t\t\t<div class=\"elementor-widget-container\">\n\t\t\t\t\t\t\t<div class=\"elementor-spacer\">\n\t\t\t<div class=\"elementor-spacer-inner\"><\/div>\n\t\t<\/div>\n\t\t\t\t\t\t<\/div>\n\t\t\t\t<\/div>\n\t\t\t\t\t<\/div>\n\t\t<\/div>\n\t\t\t\t\t<\/div>\n\t\t<\/section>\n\t\t\t\t<\/div>\n\t\t","protected":false},"excerpt":{"rendered":"<p>La biblioth\u00e8que centrale de l\u2019universit\u00e9 prend en charge notamment les missions suivantes : \u2013 Proposer des programmes d\u2019acquisition des ouvrages et de la documentation universitaire en coordination avec les biblioth\u00e8ques des facult\u00e9s et des instituts. \u2013 Tenir le fichier des th\u00e8ses et m\u00e9moires de post-graduation. \u2013 Organiser le fonds documentaire de la biblioth\u00e8que centrale en&#8230;<\/p>\n","protected":false},"author":2,"featured_media":13346,"parent":0,"menu_order":0,"comment_status":"closed","ping_status":"closed","template":"","meta":{"_kad_post_transparent":"","_kad_post_title":"default","_kad_post_layout":"fullwidth","_kad_post_sidebar_id":"","_kad_post_content_style":"default","_kad_post_vertical_padding":"default","_kad_post_feature":"default","_kad_post_feature_position":"","_kad_post_header":false,"_kad_post_footer":false,"footnotes":""},"class_list":["post-29730","page","type-page","status-publish","has-post-thumbnail","hentry"],"lang":"fr","translations":{"fr":29730,"en":15504,"ar":89},"pll_sync_post":[],"_links":{"self":[{"href":"https:\/\/www.univ-djelfa.dz\/index.php?rest_route=\/wp\/v2\/pages\/29730","targetHints":{"allow":["GET"]}}],"collection":[{"href":"https:\/\/www.univ-djelfa.dz\/index.php?rest_route=\/wp\/v2\/pages"}],"about":[{"href":"https:\/\/www.univ-djelfa.dz\/index.php?rest_route=\/wp\/v2\/types\/page"}],"author":[{"embeddable":true,"href":"https:\/\/www.univ-djelfa.dz\/index.php?rest_route=\/wp\/v2\/users\/2"}],"replies":[{"embeddable":true,"href":"https:\/\/www.univ-djelfa.dz\/index.php?rest_route=%2Fwp%2Fv2%2Fcomments&post=29730"}],"version-history":[{"count":19,"href":"https:\/\/www.univ-djelfa.dz\/index.php?rest_route=\/wp\/v2\/pages\/29730\/revisions"}],"predecessor-version":[{"id":29750,"href":"https:\/\/www.univ-djelfa.dz\/index.php?rest_route=\/wp\/v2\/pages\/29730\/revisions\/29750"}],"wp:featuredmedia":[{"embeddable":true,"href":"https:\/\/www.univ-djelfa.dz\/index.php?rest_route=\/wp\/v2\/media\/13346"}],"wp:attachment":[{"href":"https:\/\/www.univ-djelfa.dz\/index.php?rest_route=%2Fwp%2Fv2%2Fmedia&parent=29730"}],"curies":[{"name":"wp","href":"https:\/\/api.w.org\/{rel}","templated":true}]}}