{"id":31163,"date":"2025-11-07T22:16:47","date_gmt":"2025-11-07T21:16:47","guid":{"rendered":"https:\/\/www.univ-djelfa.dz\/?page_id=31163"},"modified":"2025-11-07T23:53:15","modified_gmt":"2025-11-07T22:53:15","slug":"elementor-31163","status":"publish","type":"page","link":"https:\/\/www.univ-djelfa.dz\/?page_id=31163","title":{"rendered":"Les filiales"},"content":{"rendered":"\t\t<div data-elementor-type=\"wp-page\" data-elementor-id=\"31163\" class=\"elementor elementor-31163\" data-elementor-post-type=\"page\">\n\t\t\t\t\t\t<section class=\"elementor-section elementor-top-section elementor-element elementor-element-1e2eccd elementor-section-boxed elementor-section-height-default elementor-section-height-default exad-sticky-section-no\" data-id=\"1e2eccd\" data-element_type=\"section\" data-settings=\"{&quot;ekit_has_onepagescroll_dot&quot;:&quot;yes&quot;}\">\n\t\t\t\t\t\t<div class=\"elementor-container elementor-column-gap-default\">\n\t\t\t\t\t<div class=\"elementor-column elementor-col-100 elementor-top-column elementor-element elementor-element-a3beff6 exad-sticky-section-no\" data-id=\"a3beff6\" data-element_type=\"column\">\n\t\t\t<div class=\"elementor-widget-wrap\">\n\t\t\t\t\t\t\t<\/div>\n\t\t<\/div>\n\t\t\t\t\t<\/div>\n\t\t<\/section>\n\t\t\t\t<section class=\"elementor-section elementor-top-section elementor-element elementor-element-099ffcf elementor-section-boxed elementor-section-height-default elementor-section-height-default exad-sticky-section-no\" data-id=\"099ffcf\" data-element_type=\"section\" data-settings=\"{&quot;ekit_has_onepagescroll_dot&quot;:&quot;yes&quot;}\">\n\t\t\t\t\t\t<div class=\"elementor-container elementor-column-gap-default\">\n\t\t\t\t\t<div class=\"elementor-column elementor-col-100 elementor-top-column elementor-element elementor-element-8f1657c exad-sticky-section-no\" data-id=\"8f1657c\" data-element_type=\"column\">\n\t\t\t<div class=\"elementor-widget-wrap elementor-element-populated\">\n\t\t\t\t\t\t<div class=\"elementor-element elementor-element-8ea5196 exad-sticky-section-no elementor-widget elementor-widget-html\" data-id=\"8ea5196\" data-element_type=\"widget\" data-settings=\"{&quot;ekit_we_effect_on&quot;:&quot;none&quot;}\" data-widget_type=\"html.default\">\n\t\t\t\t<div class=\"elementor-widget-container\">\n\t\t\t\t\t<!-- ======= Filiales ======= -->\n<div class=\"sub-institutions\" dir=\"ltr\">\n  <style>\n    .sub-institutions {\n      --accent:#ac0b30;\n      --accent-2:#b94855;\n      font-family: 'Cairo', sans-serif;\n      background: #ffffff;\n      padding: 36px 18px;\n      color: #222;\n      box-sizing: border-box;\n    }\n\n    .sub-institutions .title {\n      text-align: center;\n      color: #000;\n      font-size: 28px;\n      font-weight: 800;\n      margin-bottom: 26px;\n      position: relative;\n    }\n    .sub-institutions .title::after {\n      content: \"\";\n      width: 120px;\n      height: 4px;\n      background: var(--accent);\n      display: block;\n      margin: 12px auto 0;\n      border-radius: 3px;\n    }\n\n    .sub-institutions .grid {\n      display: grid;\n      grid-template-columns: repeat(auto-fit, minmax(320px, 1fr));\n      gap: 20px;\n      align-items: start;\n    }\n\n    .sub-institutions .card {\n      background: #fff;\n      border: 1px solid rgba(172,11,48,0.08);\n      border-radius: 12px;\n      padding: 18px;\n      box-shadow: 0 8px 20px rgba(0,0,0,0.04);\n      transition: transform .22s ease, box-shadow .22s ease;\n    }\n    .sub-institutions .card:hover {\n      transform: translateY(-6px);\n      box-shadow: 0 14px 30px rgba(0,0,0,0.08);\n    }\n\n    .sub-institutions .card-head {\n      display:flex;\n      align-items:center;\n      justify-content:flex-start;\n      gap:10px;\n    }\n    .sub-institutions .card-head h3 {\n      margin:0;\n      font-size:16px;\n      color:#000;\n      font-weight:700;\n      display:flex;\n      align-items:center;\n      gap:10px;\n    }\n\n    .sub-institutions svg.icon {\n      width:22px;\n      height:22px;\n      flex-shrink:0;\n      fill: var(--accent);\n    }\n\n    .sub-institutions .actions {\n      margin-top:12px;\n      display:flex;\n      gap:10px;\n      align-items:center;\n      justify-content:flex-start;\n    }\n\n    .sub-institutions button.toggle-btn {\n      background: var(--accent);\n      color: #fff;\n      border: none;\n      padding:8px 14px;\n      border-radius:8px;\n      cursor:pointer;\n      font-weight:700;\n      font-size:14px;\n      transition: background .18s ease, transform .12s ease;\n    }\n    .sub-institutions button.toggle-btn:hover{ background:var(--accent-2); transform:translateY(-2px); }\n\n    .sub-institutions .goals {\n      margin-top:12px;\n      padding-left:8px;\n      max-height:0;\n      overflow:hidden;\n      opacity:0;\n      transition: all .36s ease;\n    }\n    .sub-institutions .card.open .goals {\n      max-height:1200px;\n      opacity:1;\n    }\n\n    .sub-institutions .goals ul {\n      margin:0;\n      padding-left:18px;\n      list-style:none;\n    }\n    .sub-institutions .goals li {\n      margin:8px 0;\n      color:#333;\n      line-height:1.7;\n      position:relative;\n      padding-left:22px;\n    }\n    .sub-institutions .goals li::before {\n      content: \"\u25b9\";\n      color: var(--accent);\n      position:absolute;\n      left:0;\n      top:0;\n      font-weight:800;\n    }\n\n    @media (max-width:420px){\n      .sub-institutions .title{font-size:22px}\n      .sub-institutions button.toggle-btn{padding:7px 10px;font-size:13px}\n    }\n  <\/style>\n\n  <div class=\"title\">Filiales<\/div>\n  <div class=\"grid\">\n\n    <!-- 1 -->\n    <div class=\"card\">\n      <div class=\"card-head\">\n        <h3>\n          <svg class=\"icon\" xmlns=\"http:\/\/www.w3.org\/2000\/svg\" viewBox=\"0 0 24 24\"><path d=\"M12 2L2 7l10 5 10-5-10-5zM2 9v11h2v-9l8 4 8-4v9h2V9l-10 5L2 9z\"\/><\/svg>\n          Bureau d'\u00e9tudes et de suivi en g\u00e9nie civil\n        <\/h3>\n      <\/div>\n      <div class=\"actions\">\n        <button class=\"toggle-btn\" aria-expanded=\"false\" onclick=\"toggleGoals(this)\">Voir les objectifs<\/button>\n      <\/div>\n      <div class=\"goals\" aria-hidden=\"true\">\n        <ul>\n          <li>R\u00e9alisation d'\u00e9tudes pour divers projets dans les domaines du g\u00e9nie civil et du d\u00e9veloppement durable.<\/li>\n          <li>Suivi de l'avancement des projets dans ces domaines.<\/li>\n          <li>Expertise sur les projets achev\u00e9s.<\/li>\n          <li>R\u00e9alisation d'\u00e9tudes sur divers r\u00e9seaux routiers.<\/li>\n          <li>R\u00e9alisation d'\u00e9tudes environnementales.<\/li>\n          <li>R\u00e9alisation d'\u00e9tudes de conseil en investissement et en d\u00e9veloppement local.<\/li>\n        <\/ul>\n      <\/div>\n    <\/div>\n\n    <!-- 2 -->\n    <div class=\"card\">\n      <div class=\"card-head\">\n        <h3>\n          <svg class=\"icon\" xmlns=\"http:\/\/www.w3.org\/2000\/svg\" viewBox=\"0 0 24 24\"><path d=\"M7 2v11h3v9l7-12h-4l4-8z\"\/><\/svg>\n          \u00c9tablissement d'\u00e9tudes d'ing\u00e9nierie en \u00e9nergies renouvelables\n        <\/h3>\n      <\/div>\n      <div class=\"actions\">\n        <button class=\"toggle-btn\" aria-expanded=\"false\" onclick=\"toggleGoals(this)\">Voir les objectifs<\/button>\n      <\/div>\n      <div class=\"goals\" aria-hidden=\"true\">\n        <ul>\n          <li>R\u00e9alisation d'\u00e9tudes pour divers projets en g\u00e9nie \u00e9lectrique, d\u00e9veloppement durable, \u00e9nergie solaire et environnement.<\/li>\n          <li>Suivi de l'avancement des projets dans ces domaines.<\/li>\n          <li>Expertise sur des projets achev\u00e9s.<\/li>\n          <li>R\u00e9alisation d'\u00e9tudes environnementales.<\/li>\n          <li>Conseil en investissement et d\u00e9veloppement local dans ces domaines.<\/li>\n        <\/ul>\n      <\/div>\n    <\/div>\n\n    <!-- 3 -->\n    <div class=\"card\">\n      <div class=\"card-head\">\n        <h3>\n          <svg class=\"icon\" xmlns=\"http:\/\/www.w3.org\/2000\/svg\" viewBox=\"0 0 24 24\"><path d=\"M12 2a10 10 0 100 20 10 10 0 000-20z\"\/><\/svg>\n          \u00c9tablissement d'\u00e9tudes, formation et r\u00e9alisation en \u00e9nergie et agriculture\n        <\/h3>\n      <\/div>\n      <div class=\"actions\">\n        <button class=\"toggle-btn\" aria-expanded=\"false\" onclick=\"toggleGoals(this)\">Voir les objectifs<\/button>\n      <\/div>\n      <div class=\"goals\" aria-hidden=\"true\">\n        <ul>\n          <li>R\u00e9alisation et vente des armoires \u00e9lectriques et machines selon le besoin du march\u00e9.<\/li>\n          <li>Pr\u00e9paration et vente de produits agricoles et autres.<\/li>\n          <li>R\u00e9alisation des \u00e9tudes et programmes.<\/li>\n          <li>R\u00e9alisation des expertises et suivi des travaux.<\/li>\n          <li>Formations sp\u00e9cialis\u00e9es dans les \u00e9nergies renouvelables, l'agriculture et les installations \u00e9lectriques.<\/li>\n          <li>Int\u00e9gration des \u00e9tudiants dans l'industrie, le service et l'entrepreneuriat.<\/li>\n          <li>Conception et r\u00e9alisation des convertisseurs \u00e9lectriques, syst\u00e8mes photovolta\u00efques, cha\u00eenes \u00e9oliennes et traction \u00e9lectrique.<\/li>\n          <li>Syst\u00e8mes d'irrigation automatiques, agriculture intelligente et \u00e9quipements agro-\u00e9nerg\u00e9tiques.<\/li>\n        <\/ul>\n      <\/div>\n    <\/div>\n\n    <!-- 4 -->\n    <div class=\"card\">\n      <div class=\"card-head\">\n        <h3>\n          <svg class=\"icon\" xmlns=\"http:\/\/www.w3.org\/2000\/svg\" viewBox=\"0 0 24 24\"><path d=\"M12 2a10 10 0 100 20 10 10 0 000-20z\"\/><\/svg>\n          Bureau sp\u00e9cialis\u00e9 en fertilisation environnementale et \u00e9conomie de l'eau\n        <\/h3>\n      <\/div>\n      <div class=\"actions\">\n        <button class=\"toggle-btn\" aria-expanded=\"false\" onclick=\"toggleGoals(this)\">Voir les objectifs<\/button>\n      <\/div>\n      <div class=\"goals\" aria-hidden=\"true\">\n        <ul>\n          <li>Lutte contre les nuisibles dans les champs et zones de stockage.<\/li>\n          <li>Traitement du b\u00e9tail et stockage efficace de la viande.<\/li>\n          <li>D\u00e9veloppement et protection des for\u00eats et zones prot\u00e9g\u00e9es.<\/li>\n          <li>Am\u00e9lioration des l\u00e9gumes, \u00e9pices, herbes et huiles.<\/li>\n          <li>Am\u00e9lioration du niveau de vie des acteurs agricoles et environnementaux.<\/li>\n          <li>Formation des jeunes \u00e0 des projets productifs en agriculture, \u00e9levage et industrie agroalimentaire.<\/li>\n        <\/ul>\n      <\/div>\n    <\/div>\n\n    <!-- 5 -->\n    <div class=\"card\">\n      <div class=\"card-head\">\n        <h3>\n          <svg class=\"icon\" xmlns=\"http:\/\/www.w3.org\/2000\/svg\" viewBox=\"0 0 24 24\"><path d=\"M3 3h18v18H3V3zm2 2v14h14V5H5z\"\/><\/svg>\n          Bureau d'urbanisme\n        <\/h3>\n      <\/div>\n      <div class=\"actions\">\n        <button class=\"toggle-btn\" aria-expanded=\"false\" onclick=\"toggleGoals(this)\">Voir les objectifs<\/button>\n      <\/div>\n      <div class=\"goals\" aria-hidden=\"true\">\n        <ul>\n          <li>R\u00e9alisation d'\u00e9tudes relatives aux plans nationaux, r\u00e9gionaux et provinciaux (SNAT, SRAT, PAW).<\/li>\n          <li>\u00c9tudes d'urbanisme locales, POS et PDAU.<\/li>\n          <li>\u00c9tudes des infrastructures (routes et r\u00e9seaux).<\/li>\n          <li>\u00c9tudes environnementales et de transport.<\/li>\n          <li>\u00c9tudes de d\u00e9veloppement touristique.<\/li>\n          <li>Analyse de donn\u00e9es via SIG.<\/li>\n          <li>\u00c9tudes de faisabilit\u00e9 pour institutions publiques et priv\u00e9es.<\/li>\n        <\/ul>\n      <\/div>\n    <\/div>\n\n    <!-- 6 -->\n    <div class=\"card\">\n      <div class=\"card-head\">\n        <h3>\n          <svg class=\"icon\" xmlns=\"http:\/\/www.w3.org\/2000\/svg\" viewBox=\"0 0 24 24\"><path d=\"M3 13h2v8H3v-8zm4-8h2v16H7V5zm4 4h2v12h-2V9zm4-6h2v18h-2V3zm4 10h2v8h-2v-8z\"\/><\/svg>\n          Soci\u00e9t\u00e9 de conseil \u00e9conomique et marketing\n        <\/h3>\n      <\/div>\n      <div class=\"actions\">\n        <button class=\"toggle-btn\" aria-expanded=\"false\" onclick=\"toggleGoals(this)\">Voir les objectifs<\/button>\n      <\/div>\n      <div class=\"goals\" aria-hidden=\"true\">\n        <ul>\n          <li>Fournir des conseils dans les domaines de l'\u00e9conomie et du marketing.<\/li>\n        <\/ul>\n      <\/div>\n    <\/div>\n\n    <!-- 7 -->\n    <div class=\"card\">\n      <div class=\"card-head\">\n        <h3>\n          <svg class=\"icon\" xmlns=\"http:\/\/www.w3.org\/2000\/svg\" viewBox=\"0 0 24 24\"><path d=\"M3 3v18h18V3H3zm16 16H5V5h14v14z\"\/><\/svg>\n          Bureau des sondages d'opinion et \u00e9tudes statistiques\n        <\/h3>\n      <\/div>\n      <div class=\"actions\">\n        <button class=\"toggle-btn\" aria-expanded=\"false\" onclick=\"toggleGoals(this)\">Voir les objectifs<\/button>\n      <\/div>\n      <div class=\"goals\" aria-hidden=\"true\">\n        <ul>\n          <li>R\u00e9alisation de sondages d'opinion et analyse de donn\u00e9es.<\/li>\n          <li>Fournir des informations \u00e9conomiques et statistiques.<\/li>\n        <\/ul>\n      <\/div>\n    <\/div>\n\n    <!-- 8 -->\n    <div class=\"card\">\n      <div class=\"card-head\">\n        <h3>\n          <svg class=\"icon\" xmlns=\"http:\/\/www.w3.org\/2000\/svg\" viewBox=\"0 0 24 24\"><path d=\"M12 2a10 10 0 100 20 10 10 0 000-20z\"\/><\/svg>\n          Bureau de consultation psychologique et p\u00e9dagogique, \u00e9tudes et formations\n        <\/h3>\n      <\/div>\n      <div class=\"actions\">\n        <button class=\"toggle-btn\" aria-expanded=\"false\" onclick=\"toggleGoals(this)\">Voir les objectifs<\/button>\n      <\/div>\n      <div class=\"goals\" aria-hidden=\"true\">\n        <ul>\n          <li>Prestations de services psychologiques et \u00e9ducatives.<\/li>\n          <li>R\u00e9alisation d'expertises psychologiques.<\/li>\n          <li>Formations et stages sp\u00e9cialis\u00e9s.<\/li>\n          <li>Recherches scientifiques en sciences psychologiques et \u00e9ducatives.<\/li>\n          <li>Prise en charge des enfants et personnes \u00e0 besoins sp\u00e9cifiques.<\/li>\n          <li>Formation pr\u00e9paratoire sp\u00e9cialis\u00e9e pour les \u00e9tudiants.<\/li>\n        <\/ul>\n      <\/div>\n    <\/div>\n\n    <!-- 9 -->\n    <div class=\"card\">\n      <div class=\"card-head\">\n        <h3>\n          <svg class=\"icon\" xmlns=\"http:\/\/www.w3.org\/2000\/svg\" viewBox=\"0 0 24 24\"><path d=\"M12 2L2 7v13h20V7L12 2z\"\/><\/svg>\n          Fondation d'\u00e9tudes pour consultations juridiques et judiciaires\n        <\/h3>\n      <\/div>\n      <div class=\"actions\">\n        <button class=\"toggle-btn\" aria-expanded=\"false\" onclick=\"toggleGoals(this)\">Voir les objectifs<\/button>\n      <\/div>\n      <div class=\"goals\" aria-hidden=\"true\">\n        <ul>\n          <li>Fournir des services de conseil juridique et judiciaire de haute qualit\u00e9.<\/li>\n          <li>R\u00e9daction et r\u00e9vision de contrats et accords locaux et internationaux.<\/li>\n          <li>Services d'arbitrage et r\u00e9solution de conflits.<\/li>\n          <li>Accompagnement juridique pour entreprises, banques et investissement.<\/li>\n        <\/ul>\n      <\/div>\n    <\/div>\n\n    <!-- 10 -->\n    <div class=\"card\">\n      <div class=\"card-head\">\n        <h3>\n          <svg class=\"icon\" xmlns=\"http:\/\/www.w3.org\/2000\/svg\" viewBox=\"0 0 24 24\"><path d=\"M4 2h16v20H4V2zm2 2v16h12V4H6z\"\/><\/svg>\n          \u00c9tablissement de traitement, maintenance, restauration et num\u00e9risation des manuscrits\n        <\/h3>\n      <\/div>\n      <div class=\"actions\">\n        <button class=\"toggle-btn\" aria-expanded=\"false\" onclick=\"toggleGoals(this)\">Voir les objectifs<\/button>\n      <\/div>\n      <div class=\"goals\" aria-hidden=\"true\">\n        <ul>\n          <li>Prot\u00e9ger le patrimoine documentaire et manuscrit en Alg\u00e9rie.<\/li>\n          <li>Optimiser la num\u00e9risation et la conservation.<\/li>\n          <li>Rendre le patrimoine accessible aux chercheurs.<\/li>\n        <\/ul>\n      <\/div>\n    <\/div>\n\n    <!-- 11 -->\n    <div class=\"card\">\n      <div class=\"card-head\">\n        <h3>\n          <svg class=\"icon\" xmlns=\"http:\/\/www.w3.org\/2000\/svg\" viewBox=\"0 0 24 24\"><path d=\"M12 2a10 10 0 100 20 10 10 0 000-20z\"\/><\/svg>\n          Institut de formation technique de tennis sur gazon\n        <\/h3>\n      <\/div>\n      <div class=\"actions\">\n        <button class=\"toggle-btn\" aria-expanded=\"false\" onclick=\"toggleGoals(this)\">Voir les objectifs<\/button>\n      <\/div>\n      <div class=\"goals\" aria-hidden=\"true\">\n        <ul>\n          <li>Ing\u00e9nierie de l'entra\u00eenement au tennis sur gazon.<\/li>\n          <li>Conception et d\u00e9veloppement d'\u00e9quipements et logiciels sp\u00e9cialis\u00e9s.<\/li>\n          <li>Collaboration avec entreprises d'infrastructure et \u00e9quipements sportifs.<\/li>\n        <\/ul>\n      <\/div>\n    <\/div>\n\n    <!-- 12 -->\n    <div class=\"card\">\n      <div class=\"card-head\">\n        <h3>\n          <svg class=\"icon\" xmlns=\"http:\/\/www.w3.org\/2000\/svg\" viewBox=\"0 0 24 24\"><path d=\"M12 2a10 10 0 100 20 10 10 0 000-20z\"\/><\/svg>\n          Fondation de r\u00e9adaptation motrice par activit\u00e9s physiques et sportives\n        <\/h3>\n      <\/div>\n      <div class=\"actions\">\n        <button class=\"toggle-btn\" aria-expanded=\"false\" onclick=\"toggleGoals(this)\">Voir les objectifs<\/button>\n      <\/div>\n      <div class=\"goals\" aria-hidden=\"true\">\n        <ul>\n          <li>R\u00e9\u00e9ducation des personnes de tous \u00e2ges souffrant de blessures ou maladies osseuses, nerveuses, respiratoires ou cardiaques.<\/li>\n          <li>R\u00e9\u00e9ducation des athl\u00e8tes avec blessures ligamentaires.<\/li>\n          <li>Physioth\u00e9rapie, th\u00e9rapie sportive, ergoth\u00e9rapie, traitement de la douleur et r\u00e9adaptation des capacit\u00e9s fonctionnelles.<\/li>\n          <li>R\u00e9\u00e9ducation des patients avec handicaps chroniques ou temporaires.<\/li>\n          <li>Accompagnement par professeurs et sp\u00e9cialistes pendant la r\u00e9\u00e9ducation.<\/li>\n        <\/ul>\n      <\/div>\n    <\/div>\n\n  <\/div>\n\n  <script>\n    function toggleGoals(btn){\n      const card = btn.closest('.card');\n      const goals = card.querySelector('.goals');\n      const expanded = btn.getAttribute('aria-expanded') === 'true';\n      btn.setAttribute('aria-expanded', !expanded);\n      card.classList.toggle('open');\n      goals.setAttribute('aria-hidden', expanded);\n    }\n  <\/script>\n<\/div>\n\t\t\t\t<\/div>\n\t\t\t\t<\/div>\n\t\t\t\t<div class=\"elementor-element elementor-element-8899b64 exad-sticky-section-no elementor-widget elementor-widget-button\" data-id=\"8899b64\" data-element_type=\"widget\" data-settings=\"{&quot;ekit_we_effect_on&quot;:&quot;none&quot;}\" data-widget_type=\"button.default\">\n\t\t\t\t<div class=\"elementor-widget-container\">\n\t\t\t\t\t\t\t\t\t<div class=\"elementor-button-wrapper\">\n\t\t\t\t\t<a class=\"elementor-button elementor-button-link elementor-size-sm\" href=\"https:\/\/www.univ-djelfa.dz\/wp-content\/uploads\/\u062c\u0627\u0645\u0639\u0629%20\u0627\u0644\u062c\u0644\u0641\u0629-2.pdf\">\n\t\t\t\t\t\t<span class=\"elementor-button-content-wrapper\">\n\t\t\t\t\t\t<span class=\"elementor-button-icon\">\n\t\t\t\t<i aria-hidden=\"true\" class=\"far fa-file-pdf\"><\/i>\t\t\t<\/span>\n\t\t\t\t\t\t\t\t\t<span class=\"elementor-button-text\">D\u00e9cisions relatives \u00e0 la cr\u00e9ation d'\u00e9tablissements subsidiaires \u00e0 l'Universit\u00e9 de Djelfa<\/span>\n\t\t\t\t\t<\/span>\n\t\t\t\t\t<\/a>\n\t\t\t\t<\/div>\n\t\t\t\t\t\t\t\t<\/div>\n\t\t\t\t<\/div>\n\t\t\t\t\t<\/div>\n\t\t<\/div>\n\t\t\t\t\t<\/div>\n\t\t<\/section>\n\t\t\t\t<\/div>\n\t\t","protected":false},"excerpt":{"rendered":"<p>Filiales Bureau d&#8217;\u00e9tudes et de suivi en g\u00e9nie civil Voir les objectifs R\u00e9alisation d&#8217;\u00e9tudes pour divers projets dans les domaines du g\u00e9nie civil et du d\u00e9veloppement durable. Suivi de l&#8217;avancement des projets dans ces domaines. Expertise sur les projets achev\u00e9s. R\u00e9alisation d&#8217;\u00e9tudes sur divers r\u00e9seaux routiers. R\u00e9alisation d&#8217;\u00e9tudes environnementales. R\u00e9alisation d&#8217;\u00e9tudes de conseil en investissement&#8230;<\/p>\n","protected":false},"author":2,"featured_media":31140,"parent":0,"menu_order":0,"comment_status":"closed","ping_status":"closed","template":"","meta":{"_kad_post_transparent":"","_kad_post_title":"default","_kad_post_layout":"default","_kad_post_sidebar_id":"","_kad_post_content_style":"default","_kad_post_vertical_padding":"default","_kad_post_feature":"default","_kad_post_feature_position":"","_kad_post_header":false,"_kad_post_footer":false,"footnotes":""},"class_list":["post-31163","page","type-page","status-publish","has-post-thumbnail","hentry"],"lang":"fr","translations":{"fr":31163,"en":31154,"ar":31116},"pll_sync_post":[],"_links":{"self":[{"href":"https:\/\/www.univ-djelfa.dz\/index.php?rest_route=\/wp\/v2\/pages\/31163","targetHints":{"allow":["GET"]}}],"collection":[{"href":"https:\/\/www.univ-djelfa.dz\/index.php?rest_route=\/wp\/v2\/pages"}],"about":[{"href":"https:\/\/www.univ-djelfa.dz\/index.php?rest_route=\/wp\/v2\/types\/page"}],"author":[{"embeddable":true,"href":"https:\/\/www.univ-djelfa.dz\/index.php?rest_route=\/wp\/v2\/users\/2"}],"replies":[{"embeddable":true,"href":"https:\/\/www.univ-djelfa.dz\/index.php?rest_route=%2Fwp%2Fv2%2Fcomments&post=31163"}],"version-history":[{"count":14,"href":"https:\/\/www.univ-djelfa.dz\/index.php?rest_route=\/wp\/v2\/pages\/31163\/revisions"}],"predecessor-version":[{"id":31188,"href":"https:\/\/www.univ-djelfa.dz\/index.php?rest_route=\/wp\/v2\/pages\/31163\/revisions\/31188"}],"wp:featuredmedia":[{"embeddable":true,"href":"https:\/\/www.univ-djelfa.dz\/index.php?rest_route=\/wp\/v2\/media\/31140"}],"wp:attachment":[{"href":"https:\/\/www.univ-djelfa.dz\/index.php?rest_route=%2Fwp%2Fv2%2Fmedia&parent=31163"}],"curies":[{"name":"wp","href":"https:\/\/api.w.org\/{rel}","templated":true}]}}